{"id":115932,"date":"2025-10-04T12:48:20","date_gmt":"2025-10-04T12:48:20","guid":{"rendered":"https:\/\/shop.nano.ba\/?post_type=product&#038;p=115932"},"modified":"2026-05-05T10:23:40","modified_gmt":"2026-05-05T10:23:40","slug":"kidilo-djecija-kolica-3u1-sa-torbom","status":"publish","type":"product","link":"https:\/\/shop.nano.ba\/index.php\/proizvod\/kidilo-djecija-kolica-3u1-sa-torbom\/","title":{"rendered":"Kidilo dje\u010dija kolica 3u1 &#8211; sa torbom"},"content":{"rendered":"<div class=\"x11i5rnm xat24cr x1mh8g0r x1vvkbs xdj266r x126k92a\">\n<div dir=\"auto\"><strong>Kolica za bebe KIDILO 3u1<\/strong><\/div>\n<div dir=\"auto\"><\/div>\n<\/div>\n<div class=\"x11i5rnm xat24cr x1mh8g0r x1vvkbs xtlvy1s x126k92a\">\n<div dir=\"auto\">Funkcionalnost de\u010dijih kolica raste sa djetetom.<\/div>\n<div dir=\"auto\">Sportska sjedalica se mo\u017ee pode\u0161avati u dva polo\u017eaja, le\u017ee\u0107i i sjede\u0107i.<\/div>\n<div dir=\"auto\">Sjedalicu sa bebom mo\u017eete veoma jednostavno skinuti sa rama i premjestiti na drugo mjesto.<\/div>\n<div dir=\"auto\">Kvalitetni amortizeri na gumenim to\u010dkovima garantuju najudobniju vo\u017enju za va\u0161e dijete!<\/div>\n<\/div>\n<div dir=\"auto\">\n<div dir=\"auto\">Dostupna u tri boje : Crna, be\u017e i siva.<\/div>\n<div dir=\"auto\">Aluminijski ram<span class=\"html-span xexx8yu xyri2b x18d9i69 x1c1uobl x1hl2dhg x16tdsg8 x1vvkbs x3nfvp2 x1j61x8r x1fcty0u xdj266r xat24cr xm2jcoa x1mpyi22 xxymvpz xlup9mm x1kky2od\"><img loading=\"lazy\" decoding=\"async\" class=\"xz74otr x15mokao x1ga7v0g x16uus16 xbiv7yw\" src=\"https:\/\/static.xx.fbcdn.net\/images\/emoji.php\/v9\/tb4\/2\/16\/2705.png\" alt=\"\u2705\" width=\"16\" height=\"16\" \/><\/span><\/div>\n<div dir=\"auto\">Sigurnosni pojas u 5 ta\u010daka <span class=\"html-span xexx8yu xyri2b x18d9i69 x1c1uobl x1hl2dhg x16tdsg8 x1vvkbs x3nfvp2 x1j61x8r x1fcty0u xdj266r xat24cr xm2jcoa x1mpyi22 xxymvpz xlup9mm x1kky2od\"><img loading=\"lazy\" decoding=\"async\" class=\"xz74otr x15mokao x1ga7v0g x16uus16 xbiv7yw\" src=\"https:\/\/static.xx.fbcdn.net\/images\/emoji.php\/v9\/tb4\/2\/16\/2705.png\" alt=\"\u2705\" width=\"16\" height=\"16\" \/><\/span><\/div>\n<div dir=\"auto\">Lako sklapanje i rasklapanje <span class=\"html-span xexx8yu xyri2b x18d9i69 x1c1uobl x1hl2dhg x16tdsg8 x1vvkbs x3nfvp2 x1j61x8r x1fcty0u xdj266r xat24cr xm2jcoa x1mpyi22 xxymvpz xlup9mm x1kky2od\"><img loading=\"lazy\" decoding=\"async\" class=\"xz74otr x15mokao x1ga7v0g x16uus16 xbiv7yw\" src=\"https:\/\/static.xx.fbcdn.net\/images\/emoji.php\/v9\/tb4\/2\/16\/2705.png\" alt=\"\u2705\" width=\"16\" height=\"16\" \/><\/span><\/div>\n<div dir=\"auto\"><span class=\"html-span xexx8yu xyri2b x18d9i69 x1c1uobl x1hl2dhg x16tdsg8 x1vvkbs x3nfvp2 x1j61x8r x1fcty0u xdj266r xat24cr xm2jcoa x1mpyi22 xxymvpz xlup9mm x1kky2od\"><img loading=\"lazy\" decoding=\"async\" class=\"xz74otr x15mokao x1ga7v0g x16uus16 xbiv7yw\" src=\"https:\/\/static.xx.fbcdn.net\/images\/emoji.php\/v9\/t8f\/2\/16\/1f338.png\" alt=\"\ud83c\udf38\" width=\"16\" height=\"16\" \/><\/span>Autosjedalica se mo\u017ee koristiti od rodjenja do 13kg.<\/div>\n<div dir=\"auto\"><span class=\"html-span xexx8yu xyri2b x18d9i69 x1c1uobl x1hl2dhg x16tdsg8 x1vvkbs x3nfvp2 x1j61x8r x1fcty0u xdj266r xat24cr xm2jcoa x1mpyi22 xxymvpz xlup9mm x1kky2od\"><img loading=\"lazy\" decoding=\"async\" class=\"xz74otr x15mokao x1ga7v0g x16uus16 xbiv7yw\" src=\"https:\/\/static.xx.fbcdn.net\/images\/emoji.php\/v9\/t8f\/2\/16\/1f338.png\" alt=\"\ud83c\udf38\" width=\"16\" height=\"16\" \/><\/span>Sportska nosiljka se koristi u le\u017ee\u0107em polo\u017eaju do 6mj starosti djeteta, a nakon toga u sjede\u0107em polo\u017eaju.<\/div>\n<div dir=\"auto\"><span class=\"html-span xexx8yu xyri2b x18d9i69 x1c1uobl x1hl2dhg x16tdsg8 x1vvkbs x3nfvp2 x1j61x8r x1fcty0u xdj266r xat24cr xm2jcoa x1mpyi22 xxymvpz xlup9mm x1kky2od\"><img loading=\"lazy\" decoding=\"async\" class=\"xz74otr x15mokao x1ga7v0g x16uus16 xbiv7yw\" src=\"https:\/\/static.xx.fbcdn.net\/images\/emoji.php\/v9\/t75\/2\/16\/2728.png\" alt=\"\u2728\" width=\"16\" height=\"16\" \/><\/span>Posebna periva podloga dolazi za kori\u0161tenje u le\u017ee\u0107em polo\u017eaju.<\/div>\n<div dir=\"auto\"><span class=\"html-span xexx8yu xyri2b x18d9i69 x1c1uobl x1hl2dhg x16tdsg8 x1vvkbs x3nfvp2 x1j61x8r x1fcty0u xdj266r xat24cr xm2jcoa x1mpyi22 xxymvpz xlup9mm x1kky2od\"><img loading=\"lazy\" decoding=\"async\" class=\"xz74otr x15mokao x1ga7v0g x16uus16 xbiv7yw\" src=\"https:\/\/static.xx.fbcdn.net\/images\/emoji.php\/v9\/t75\/2\/16\/2728.png\" alt=\"\u2728\" width=\"16\" height=\"16\" \/><\/span>Oboje, autosjedalica i sportska nosiljka se mogu postaviti na ram kolica, i to u oba smjera vo\u017enje.<\/div>\n<div dir=\"auto\"><span class=\"html-span xexx8yu xyri2b x18d9i69 x1c1uobl x1hl2dhg x16tdsg8 x1vvkbs x3nfvp2 x1j61x8r x1fcty0u xdj266r xat24cr xm2jcoa x1mpyi22 xxymvpz xlup9mm x1kky2od\"><img loading=\"lazy\" decoding=\"async\" class=\"xz74otr x15mokao x1ga7v0g x16uus16 xbiv7yw\" src=\"https:\/\/static.xx.fbcdn.net\/images\/emoji.php\/v9\/t7d\/2\/16\/1f6b2.png\" alt=\"\ud83d\udeb2\" width=\"16\" height=\"16\" \/><\/span>To\u010dkovi su gumeni i posjeduju amortizere.<\/div>\n<div dir=\"auto\"><\/div>\n<\/div>\n<div class=\"x11i5rnm xat24cr x1mh8g0r x1vvkbs xtlvy1s x126k92a\">\n<div dir=\"auto\">Ovaj prakti\u010dni SET 3U1 DJE\u010cIJIH KOLICA UKLJU\u010cUJE:<\/div>\n<div dir=\"auto\">&#8211; Kvalitetna kolica za bebe<\/div>\n<div dir=\"auto\">&#8211; Autosjedalica za djecu do 13 kg<\/div>\n<div dir=\"auto\">&#8211; Sportska sjedalica za djecu do 20kg<\/div>\n<div dir=\"auto\">&#8211; Za\u0161tita od ki\u0161e i hladno\u0107e za kolica<\/div>\n<div dir=\"auto\">&#8211; Za\u0161tita od ki\u0161e i hladno\u0107e za autosjedalicu<\/div>\n<div dir=\"auto\">&#8211; Za\u0161titna mre\u017eica protiv komaraca<\/div>\n<div dir=\"auto\">&#8211; Prostor za odlaganje bebinih stvari, dr\u017ea\u010d za \u010da\u0161e.<\/div>\n<div dir=\"auto\">&#8211; Torba za bebine stvari<\/div>\n<div dir=\"auto\"><\/div>\n<\/div>\n","protected":false},"excerpt":{"rendered":"<p>Kolica za bebe KIDILO 3u1 Funkcionalnost de\u010dijih kolica raste sa djetetom. Sportska sjedalica se mo\u017ee pode\u0161avati u dva polo\u017eaja, le\u017ee\u0107i<\/p>\n","protected":false},"featured_media":131154,"template":"","meta":[],"product_brand":[],"product_cat":[317,588,388],"product_tag":[],"class_list":{"0":"post-115932","1":"product","2":"type-product","3":"status-publish","4":"has-post-thumbnail","6":"product_cat-baby-oprema","7":"product_cat-kolica-za-bebe","8":"product_cat-nermus","10":"first","11":"instock","12":"shipping-taxable","13":"purchasable","14":"product-type-variable"},"_links":{"self":[{"href":"https:\/\/shop.nano.ba\/index.php\/wp-json\/wp\/v2\/product\/115932","targetHints":{"allow":["GET"]}}],"collection":[{"href":"https:\/\/shop.nano.ba\/index.php\/wp-json\/wp\/v2\/product"}],"about":[{"href":"https:\/\/shop.nano.ba\/index.php\/wp-json\/wp\/v2\/types\/product"}],"version-history":[{"count":3,"href":"https:\/\/shop.nano.ba\/index.php\/wp-json\/wp\/v2\/product\/115932\/revisions"}],"predecessor-version":[{"id":131165,"href":"https:\/\/shop.nano.ba\/index.php\/wp-json\/wp\/v2\/product\/115932\/revisions\/131165"}],"wp:featuredmedia":[{"embeddable":true,"href":"https:\/\/shop.nano.ba\/index.php\/wp-json\/wp\/v2\/media\/131154"}],"wp:attachment":[{"href":"https:\/\/shop.nano.ba\/index.php\/wp-json\/wp\/v2\/media?parent=115932"}],"wp:term":[{"taxonomy":"product_brand","embeddable":true,"href":"https:\/\/shop.nano.ba\/index.php\/wp-json\/wp\/v2\/product_brand?post=115932"},{"taxonomy":"product_cat","embeddable":true,"href":"https:\/\/shop.nano.ba\/index.php\/wp-json\/wp\/v2\/product_cat?post=115932"},{"taxonomy":"product_tag","embeddable":true,"href":"https:\/\/shop.nano.ba\/index.php\/wp-json\/wp\/v2\/product_tag?post=115932"}],"curies":[{"name":"wp","href":"https:\/\/api.w.org\/{rel}","templated":true}]}}