{"id":120529,"date":"2025-11-09T07:42:48","date_gmt":"2025-11-09T07:42:48","guid":{"rendered":"https:\/\/shop.nano.ba\/?post_type=product&#038;p=120529"},"modified":"2026-05-03T11:51:39","modified_gmt":"2026-05-03T11:51:39","slug":"set-2-frotirna-peskira-rukavica-za-kupanje-i-4-brisalice","status":"publish","type":"product","link":"https:\/\/shop.nano.ba\/index.php\/proizvod\/set-2-frotirna-peskira-rukavica-za-kupanje-i-4-brisalice\/","title":{"rendered":"Little Alpaca &#8211; Premium Set 2 frotirna pe\u0161kira, rukavica za kupanje i 4 brisalice M1034-4"},"content":{"rendered":"<div dir=\"auto\"><span class=\"html-span xexx8yu xyri2b x18d9i69 x1c1uobl x1hl2dhg x16tdsg8 x1vvkbs x3nfvp2 x1j61x8r x1fcty0u xdj266r xat24cr xm2jcoa x1mpyi22 xxymvpz xlup9mm x1kky2od\"><img loading=\"lazy\" decoding=\"async\" class=\"xz74otr x15mokao x1ga7v0g x16uus16 xbiv7yw\" src=\"https:\/\/static.xx.fbcdn.net\/images\/emoji.php\/v9\/tf4\/1\/16\/2728.png\" alt=\"\u2728\" width=\"16\" height=\"16\" \/><\/span> Little Alpaca \u2013 Premium Baby Set za Kupanje <span class=\"html-span xexx8yu xyri2b x18d9i69 x1c1uobl x1hl2dhg x16tdsg8 x1vvkbs x3nfvp2 x1j61x8r x1fcty0u xdj266r xat24cr xm2jcoa x1mpyi22 xxymvpz xlup9mm x1kky2od\"><img loading=\"lazy\" decoding=\"async\" class=\"xz74otr x15mokao x1ga7v0g x16uus16 xbiv7yw\" src=\"https:\/\/static.xx.fbcdn.net\/images\/emoji.php\/v9\/tf4\/1\/16\/2728.png\" alt=\"\u2728\" width=\"16\" height=\"16\" \/><\/span><\/div>\n<div dir=\"auto\">U\u010dinite vrijeme kupanja jo\u0161 ljep\u0161im uz ovaj predivni, prakti\u010dni i mekani set za bebe.<\/div>\n<div dir=\"auto\"><\/div>\n<div dir=\"auto\"><strong>Set sadr\u017ei:<\/strong><\/div>\n<div dir=\"auto\">2 frotirna pe\u0161kira dimenzija 75x75cm \u2013 nje\u017eni, mekani i idealni za osjetljivu bebinu ko\u017eu.<\/div>\n<div dir=\"auto\">1 rukavicu za kupanje \u2013 pogodnu za nje\u017eno kupanje i masa\u017eu<\/div>\n<div dir=\"auto\">4 brisalice \u2013 vi\u0161enamjenske, savr\u0161ene za svakodnevnu upotrebu<\/div>\n<div dir=\"auto\">\n<p>Dizajni su preslatki, sa likovima \u017eivotinjica, i odli\u010dni za poklon ili svakodnevno kori\u0161tenje.<\/p>\n<p><strong>Odr\u017eavanje:<\/strong><br \/>\nPrati u ma\u0161ini na 30\u00b0C.<br \/>\nSu\u0161enje u su\u0161ilici dozvoljeno.<br \/>\nPeglanje nije potrebno niti dozvoljeno.<\/p>\n<\/div>\n","protected":false},"excerpt":{"rendered":"<p>Little Alpaca \u2013 Premium Baby Set za Kupanje U\u010dinite vrijeme kupanja jo\u0161 ljep\u0161im uz ovaj predivni, prakti\u010dni i mekani set<\/p>\n","protected":false},"featured_media":132856,"template":"","meta":[],"product_brand":[],"product_cat":[317,802,800,593,590,806,809,808],"product_tag":[],"class_list":{"0":"post-120529","1":"product","2":"type-product","3":"status-publish","4":"has-post-thumbnail","6":"product_cat-baby-oprema","7":"product_cat-bez","8":"product_cat-boje-i-dezeni","9":"product_cat-set-za-kupanje","10":"product_cat-peskiri-baby-oprema","11":"product_cat-plava","12":"product_cat-puder-roze","13":"product_cat-roze","15":"first","16":"instock","17":"shipping-taxable","18":"purchasable","19":"product-type-variable"},"_links":{"self":[{"href":"https:\/\/shop.nano.ba\/index.php\/wp-json\/wp\/v2\/product\/120529","targetHints":{"allow":["GET"]}}],"collection":[{"href":"https:\/\/shop.nano.ba\/index.php\/wp-json\/wp\/v2\/product"}],"about":[{"href":"https:\/\/shop.nano.ba\/index.php\/wp-json\/wp\/v2\/types\/product"}],"version-history":[{"count":5,"href":"https:\/\/shop.nano.ba\/index.php\/wp-json\/wp\/v2\/product\/120529\/revisions"}],"predecessor-version":[{"id":126449,"href":"https:\/\/shop.nano.ba\/index.php\/wp-json\/wp\/v2\/product\/120529\/revisions\/126449"}],"wp:featuredmedia":[{"embeddable":true,"href":"https:\/\/shop.nano.ba\/index.php\/wp-json\/wp\/v2\/media\/132856"}],"wp:attachment":[{"href":"https:\/\/shop.nano.ba\/index.php\/wp-json\/wp\/v2\/media?parent=120529"}],"wp:term":[{"taxonomy":"product_brand","embeddable":true,"href":"https:\/\/shop.nano.ba\/index.php\/wp-json\/wp\/v2\/product_brand?post=120529"},{"taxonomy":"product_cat","embeddable":true,"href":"https:\/\/shop.nano.ba\/index.php\/wp-json\/wp\/v2\/product_cat?post=120529"},{"taxonomy":"product_tag","embeddable":true,"href":"https:\/\/shop.nano.ba\/index.php\/wp-json\/wp\/v2\/product_tag?post=120529"}],"curies":[{"name":"wp","href":"https:\/\/api.w.org\/{rel}","templated":true}]}}