{"id":120534,"date":"2025-11-09T07:47:13","date_gmt":"2025-11-09T07:47:13","guid":{"rendered":"https:\/\/shop.nano.ba\/?post_type=product&#038;p=120534"},"modified":"2026-04-16T06:42:01","modified_gmt":"2026-04-16T06:42:01","slug":"set-26-dijelova-za-higijenu-i-njegu","status":"publish","type":"product","link":"https:\/\/shop.nano.ba\/index.php\/proizvod\/set-26-dijelova-za-higijenu-i-njegu\/","title":{"rendered":"Set 28 dijelova za higijenu i njegu M1034-5"},"content":{"rendered":"<p data-end=\"250\" data-start=\"175\"><strong data-end=\"250\" data-start=\"175\">Neophodni komplet za njegu beba \u2013 savr\u0161en za baby shower i poklon liste<\/strong><\/p>\n<p data-end=\"560\" data-start=\"252\">Ovaj komplet pokriva tri osnovna podru\u010dja njege bebe:\u00a0<strong data-end=\"336\" data-start=\"306\">njegu, zdravlje i \u010di\u0161\u0107enje<\/strong>. Sve \u0161to vam treba za svakodnevnu njegu.<\/p>\n<p data-end=\"560\" data-start=\"252\"><strong>Set uklju\u010duje:<\/strong><\/p>\n<p>1 elektri\u010dna turpija za nokte<br \/>\n12 nastavaka za turpiju<br \/>\n1 pinceta<br \/>\n3 turpije za nokte<br \/>\n1 silikonska \u010detkica za masa\u017eu desni<br \/>\n1 \u010detka za kosu od prirodne dlake<br \/>\n1 \u010detka za masa\u017eu<br \/>\n1 noktarica<br \/>\n1 vakuum \u010dista\u010d za nos<br \/>\n1 digitalni toplomjer<br \/>\n1 metalna turpija<br \/>\n1 ka\u0161ika sa mililitra\u017eom za lijekove<br \/>\n1 epruveta za doziranje kapi<br \/>\n1 makazice<br \/>\n1 \u010detkica za zube<\/p>\n<p>Set dostupan u plavoj i roze boji.<\/p>\n","protected":false},"excerpt":{"rendered":"<p>Neophodni komplet za njegu beba \u2013 savr\u0161en za baby shower i poklon liste Ovaj komplet pokriva tri osnovna podru\u010dja njege<\/p>\n","protected":false},"featured_media":126450,"template":"","meta":[],"product_brand":[],"product_cat":[317,800,820,806,809,808],"product_tag":[],"class_list":{"0":"post-120534","1":"product","2":"type-product","3":"status-publish","4":"has-post-thumbnail","6":"product_cat-baby-oprema","7":"product_cat-boje-i-dezeni","8":"product_cat-higijena","9":"product_cat-plava","10":"product_cat-puder-roze","11":"product_cat-roze","13":"first","14":"instock","15":"shipping-taxable","16":"purchasable","17":"product-type-variable"},"_links":{"self":[{"href":"https:\/\/shop.nano.ba\/index.php\/wp-json\/wp\/v2\/product\/120534","targetHints":{"allow":["GET"]}}],"collection":[{"href":"https:\/\/shop.nano.ba\/index.php\/wp-json\/wp\/v2\/product"}],"about":[{"href":"https:\/\/shop.nano.ba\/index.php\/wp-json\/wp\/v2\/types\/product"}],"version-history":[{"count":5,"href":"https:\/\/shop.nano.ba\/index.php\/wp-json\/wp\/v2\/product\/120534\/revisions"}],"predecessor-version":[{"id":126453,"href":"https:\/\/shop.nano.ba\/index.php\/wp-json\/wp\/v2\/product\/120534\/revisions\/126453"}],"wp:featuredmedia":[{"embeddable":true,"href":"https:\/\/shop.nano.ba\/index.php\/wp-json\/wp\/v2\/media\/126450"}],"wp:attachment":[{"href":"https:\/\/shop.nano.ba\/index.php\/wp-json\/wp\/v2\/media?parent=120534"}],"wp:term":[{"taxonomy":"product_brand","embeddable":true,"href":"https:\/\/shop.nano.ba\/index.php\/wp-json\/wp\/v2\/product_brand?post=120534"},{"taxonomy":"product_cat","embeddable":true,"href":"https:\/\/shop.nano.ba\/index.php\/wp-json\/wp\/v2\/product_cat?post=120534"},{"taxonomy":"product_tag","embeddable":true,"href":"https:\/\/shop.nano.ba\/index.php\/wp-json\/wp\/v2\/product_tag?post=120534"}],"curies":[{"name":"wp","href":"https:\/\/api.w.org\/{rel}","templated":true}]}}