{"id":120557,"date":"2025-11-09T08:18:19","date_gmt":"2025-11-09T08:18:19","guid":{"rendered":"https:\/\/shop.nano.ba\/?post_type=product&#038;p=120557"},"modified":"2026-04-07T05:42:04","modified_gmt":"2026-04-07T05:42:04","slug":"podloga-za-presvlacenje-tvrda","status":"publish","type":"product","link":"https:\/\/shop.nano.ba\/index.php\/proizvod\/podloga-za-presvlacenje-tvrda\/","title":{"rendered":"Podloga za presvla\u010denje Comfort &#8211; tvrda M1037-3"},"content":{"rendered":"<div class=\"block product-details-info\">\n<div class=\"description read-more-text\" data-characters=\"320\" data-characters-mobile=\"250\" data-lesstext=\"Manje detalja\" data-moretext=\"Detaljnije\">\n<p>Podloga za presvla\u010denje je prakti\u010dna i sigurna opcija za presvla\u010denje bebe. Ima veseli dizajn i ugra\u0111en metar za pra\u0107enje rasta bebe. Debelo je postavljena i mekana, \u0161to osigurava dodatnu udobnost za bebu. Napravljena je od sigurnog i lako odr\u017eivog materijala. Podloga je izuzetno jednostavna za odr\u017eavanje \u2013 dovoljno je prebrisati je vla\u017enom krpom.<\/p>\n<p><strong>Karakteristike:<\/strong><\/p>\n<\/div>\n<\/div>\n<div class=\"block product-details-price\">\n<p>Dizajnirana za djecu do 12 mjeseci starosti i te\u017eine do 11 kg.<br \/>\nPodloga za presvla\u010denje mo\u017ee se koristiti na kreveti\u0107ima \u0161irine do 60 cm.<br \/>\nIma \u010di\u010dak traku na jednoj strani za stabilnu instalaciju.<br \/>\nZa\u0161titni pojas.<br \/>\nKori\u0161teni materijali: PVC, drvo.<br \/>\nProizvedena u skladu s europskim standardom EN 12221-1:2008+A1:2013.<\/p>\n<p>Dimenzije: 80 x 47 cm<\/p>\n<\/div>\n<p>Dostupna u tri preslatka dizajna.<\/p>\n","protected":false},"excerpt":{"rendered":"<p>Podloga za presvla\u010denje je prakti\u010dna i sigurna opcija za presvla\u010denje bebe. Ima veseli dizajn i ugra\u0111en metar za pra\u0107enje rasta<\/p>\n","protected":false},"featured_media":131166,"template":"","meta":[],"product_brand":[],"product_cat":[317,818],"product_tag":[],"class_list":{"0":"post-120557","1":"product","2":"type-product","3":"status-publish","4":"has-post-thumbnail","6":"product_cat-baby-oprema","7":"product_cat-podloge-za-presvlacenje","9":"first","10":"instock","11":"shipping-taxable","12":"purchasable","13":"product-type-variable"},"_links":{"self":[{"href":"https:\/\/shop.nano.ba\/index.php\/wp-json\/wp\/v2\/product\/120557","targetHints":{"allow":["GET"]}}],"collection":[{"href":"https:\/\/shop.nano.ba\/index.php\/wp-json\/wp\/v2\/product"}],"about":[{"href":"https:\/\/shop.nano.ba\/index.php\/wp-json\/wp\/v2\/types\/product"}],"version-history":[{"count":4,"href":"https:\/\/shop.nano.ba\/index.php\/wp-json\/wp\/v2\/product\/120557\/revisions"}],"predecessor-version":[{"id":126429,"href":"https:\/\/shop.nano.ba\/index.php\/wp-json\/wp\/v2\/product\/120557\/revisions\/126429"}],"wp:featuredmedia":[{"embeddable":true,"href":"https:\/\/shop.nano.ba\/index.php\/wp-json\/wp\/v2\/media\/131166"}],"wp:attachment":[{"href":"https:\/\/shop.nano.ba\/index.php\/wp-json\/wp\/v2\/media?parent=120557"}],"wp:term":[{"taxonomy":"product_brand","embeddable":true,"href":"https:\/\/shop.nano.ba\/index.php\/wp-json\/wp\/v2\/product_brand?post=120557"},{"taxonomy":"product_cat","embeddable":true,"href":"https:\/\/shop.nano.ba\/index.php\/wp-json\/wp\/v2\/product_cat?post=120557"},{"taxonomy":"product_tag","embeddable":true,"href":"https:\/\/shop.nano.ba\/index.php\/wp-json\/wp\/v2\/product_tag?post=120557"}],"curies":[{"name":"wp","href":"https:\/\/api.w.org\/{rel}","templated":true}]}}