{"id":121074,"date":"2025-11-13T13:08:02","date_gmt":"2025-11-13T13:08:02","guid":{"rendered":"https:\/\/shop.nano.ba\/?post_type=product&#038;p=121074"},"modified":"2026-01-04T11:21:57","modified_gmt":"2026-01-04T11:21:57","slug":"smotuljak-muslin-premium","status":"publish","type":"product","link":"https:\/\/shop.nano.ba\/index.php\/proizvod\/smotuljak-muslin-premium\/","title":{"rendered":"Smotuljak Muslin PREMIUM &#8211; Roze"},"content":{"rendered":"<div dir=\"auto\">Jedan proizvod, a tri na\u010dina kori\u0161tenja. Jastuk za no\u0161enje, jorgan i podloga.<\/div>\n<div dir=\"auto\">Po \u017eelji radimo vez imena. Vez imena je <strong>7KM<\/strong>. U ko\u0161aricu je potrebno dodati artikal pod nazivom\u00a0<strong>Usluga<\/strong>\u00a0<strong>Ma\u0161inskog Veza<\/strong>. Dovoljno je u napomenu, prilikom popunjavanja podataka, upisati ime djeteta.<\/div>\n<p><strong>Dimenzije:<\/strong><\/p>\n<ul>\n<li>80x80cm<\/li>\n<\/ul>\n<p><strong>Karakteristike:<\/strong><\/p>\n<div dir=\"auto\">\n<ul>\n<li dir=\"auto\">Duplo postavljen antialergijskim 300g punjenjem koje omogu\u0107ava prozra\u010dnost.<br \/>\nIzvana je oblo\u017een 100% organskim pamukom visoke kvalitete.<\/li>\n<li dir=\"auto\">Velika ma\u0161na se mo\u017ee odvojiti i posebno koristiti kao ukras kada se ne koristi kao smotuljak.<\/li>\n<li dir=\"auto\">Koristi se kao jastuk za no\u0161enje do 6 mjeseci.<\/li>\n<li dir=\"auto\">Idealna veli\u010dina za kori\u0161tenje kao jorgan do 3 godine.<\/li>\n<li dir=\"auto\">Koristi se kao i podloga od ro\u0111enja i nema limit kori\u0161enja u tu svrhu.<\/li>\n<li dir=\"auto\">Volani\u0107i sa sve \u010detiri strane.<\/li>\n<\/ul>\n<div dir=\"auto\"><\/div>\n<\/div>\n<div dir=\"auto\"><strong>Materijal:<\/strong><\/div>\n<ul>\n<li dir=\"auto\">100% organski pamuk, posjeduje certifikat OEKO-TEX\u00ae STANDARD 100, kao sigurnost da tkanina ne sadr\u017ei \u0161tetne tvari \u0161to joj jam\u010di kvalitetu i sigurnost.<\/li>\n<li dir=\"auto\">Muslin visoke kvalitete, sa \u010detiri sloja.<\/li>\n<\/ul>\n<p>&nbsp;<\/p>\n","protected":false},"excerpt":{"rendered":"<p>Jedan proizvod, a tri na\u010dina kori\u0161tenja. Jastuk za no\u0161enje, jorgan i podloga. Po \u017eelji radimo vez imena. Vez imena je<\/p>\n","protected":false},"featured_media":126085,"template":"","meta":[],"product_brand":[],"product_cat":[317,800,514,659,808,603],"product_tag":[],"class_list":{"0":"post-121074","1":"product","2":"type-product","3":"status-publish","4":"has-post-thumbnail","6":"product_cat-baby-oprema","7":"product_cat-boje-i-dezeni","8":"product_cat-deke-i-prekrivaci","9":"product_cat-jastuci-za-bebe","10":"product_cat-roze","11":"product_cat-smotuljak","13":"first","14":"instock","15":"shipping-taxable","16":"purchasable","17":"product-type-simple"},"_links":{"self":[{"href":"https:\/\/shop.nano.ba\/index.php\/wp-json\/wp\/v2\/product\/121074","targetHints":{"allow":["GET"]}}],"collection":[{"href":"https:\/\/shop.nano.ba\/index.php\/wp-json\/wp\/v2\/product"}],"about":[{"href":"https:\/\/shop.nano.ba\/index.php\/wp-json\/wp\/v2\/types\/product"}],"version-history":[{"count":3,"href":"https:\/\/shop.nano.ba\/index.php\/wp-json\/wp\/v2\/product\/121074\/revisions"}],"predecessor-version":[{"id":126116,"href":"https:\/\/shop.nano.ba\/index.php\/wp-json\/wp\/v2\/product\/121074\/revisions\/126116"}],"wp:featuredmedia":[{"embeddable":true,"href":"https:\/\/shop.nano.ba\/index.php\/wp-json\/wp\/v2\/media\/126085"}],"wp:attachment":[{"href":"https:\/\/shop.nano.ba\/index.php\/wp-json\/wp\/v2\/media?parent=121074"}],"wp:term":[{"taxonomy":"product_brand","embeddable":true,"href":"https:\/\/shop.nano.ba\/index.php\/wp-json\/wp\/v2\/product_brand?post=121074"},{"taxonomy":"product_cat","embeddable":true,"href":"https:\/\/shop.nano.ba\/index.php\/wp-json\/wp\/v2\/product_cat?post=121074"},{"taxonomy":"product_tag","embeddable":true,"href":"https:\/\/shop.nano.ba\/index.php\/wp-json\/wp\/v2\/product_tag?post=121074"}],"curies":[{"name":"wp","href":"https:\/\/api.w.org\/{rel}","templated":true}]}}