{"id":129780,"date":"2026-02-06T12:59:27","date_gmt":"2026-02-06T12:59:27","guid":{"rendered":"https:\/\/shop.nano.ba\/?post_type=product&#038;p=129780"},"modified":"2026-02-07T09:44:50","modified_gmt":"2026-02-07T09:44:50","slug":"baby-ljuljacka-kolijevka-bamboo","status":"publish","type":"product","link":"https:\/\/shop.nano.ba\/index.php\/proizvod\/baby-ljuljacka-kolijevka-bamboo\/","title":{"rendered":"Baby Ljulja\u010dka\/Kolijevka Bamboo"},"content":{"rendered":"<p>Ljulja\u010dka je savr\u0161en izbor za roditelje. Sklopiva je, pa se mo\u017ee lako skladi\u0161titi bez da zauzima previ\u0161e prostora kada se ne koristi. Nije te\u0161ka, te je laka za rukovanje.<\/p>\n<p><strong>Karakteristike:<\/strong><\/p>\n<ul>\n<li>Drvena kontrukcija<\/li>\n<li>Bambus organski pamuk periv u ma\u0161ini za ve\u0161<\/li>\n<li>Pogodna i za ve\u0107u djecu do 25kg<\/li>\n<li>Idealna za izle\u017eavanja u ku\u0107i ili vani u ljetnim danima<\/li>\n<li>Djeca je vole i ubrzo im postaje omiljeno mjesto za izle\u017eavanje kada gledaju crti\u0107e, \u010ditaju knjigu, odmaraju.<\/li>\n<\/ul>\n<p>&nbsp;<\/p>\n<p>&nbsp;<\/p>\n","protected":false},"excerpt":{"rendered":"<p>Ljulja\u010dka je savr\u0161en izbor za roditelje. Sklopiva je, pa se mo\u017ee lako skladi\u0161titi bez da zauzima previ\u0161e prostora kada se<\/p>\n","protected":false},"featured_media":129784,"template":"","meta":[],"product_brand":[],"product_cat":[317,802,800,805],"product_tag":[],"class_list":{"0":"post-129780","1":"product","2":"type-product","3":"status-publish","4":"has-post-thumbnail","6":"product_cat-baby-oprema","7":"product_cat-bez","8":"product_cat-boje-i-dezeni","9":"product_cat-ljulje","11":"first","12":"instock","13":"shipping-taxable","14":"purchasable","15":"product-type-simple"},"_links":{"self":[{"href":"https:\/\/shop.nano.ba\/index.php\/wp-json\/wp\/v2\/product\/129780","targetHints":{"allow":["GET"]}}],"collection":[{"href":"https:\/\/shop.nano.ba\/index.php\/wp-json\/wp\/v2\/product"}],"about":[{"href":"https:\/\/shop.nano.ba\/index.php\/wp-json\/wp\/v2\/types\/product"}],"version-history":[{"count":2,"href":"https:\/\/shop.nano.ba\/index.php\/wp-json\/wp\/v2\/product\/129780\/revisions"}],"predecessor-version":[{"id":129796,"href":"https:\/\/shop.nano.ba\/index.php\/wp-json\/wp\/v2\/product\/129780\/revisions\/129796"}],"wp:featuredmedia":[{"embeddable":true,"href":"https:\/\/shop.nano.ba\/index.php\/wp-json\/wp\/v2\/media\/129784"}],"wp:attachment":[{"href":"https:\/\/shop.nano.ba\/index.php\/wp-json\/wp\/v2\/media?parent=129780"}],"wp:term":[{"taxonomy":"product_brand","embeddable":true,"href":"https:\/\/shop.nano.ba\/index.php\/wp-json\/wp\/v2\/product_brand?post=129780"},{"taxonomy":"product_cat","embeddable":true,"href":"https:\/\/shop.nano.ba\/index.php\/wp-json\/wp\/v2\/product_cat?post=129780"},{"taxonomy":"product_tag","embeddable":true,"href":"https:\/\/shop.nano.ba\/index.php\/wp-json\/wp\/v2\/product_tag?post=129780"}],"curies":[{"name":"wp","href":"https:\/\/api.w.org\/{rel}","templated":true}]}}