{"id":130675,"date":"2026-02-13T09:34:21","date_gmt":"2026-02-13T09:34:21","guid":{"rendered":"https:\/\/shop.nano.ba\/?post_type=product&#038;p=130675"},"modified":"2026-02-13T09:40:10","modified_gmt":"2026-02-13T09:40:10","slug":"gnijezdo-s-jastukom-i-jorganom-bez-mede-i-svijetlo-bez","status":"publish","type":"product","link":"https:\/\/shop.nano.ba\/index.php\/proizvod\/gnijezdo-s-jastukom-i-jorganom-bez-mede-i-svijetlo-bez\/","title":{"rendered":"Gnijezdo s jastukom i jorganom &#8211; Be\u017e Mede i Svijetlo Be\u017e"},"content":{"rendered":"<div class=\"xdj266r x11i5rnm xat24cr x1mh8g0r x1vvkbs x126k92a\">\n<div dir=\"auto\">Nano Baby gnijezdo sa jastukom i jorganom. Najljep\u0161e i najsigurnije mjesto za bebe u prvim mjesecima.<\/div>\n<div dir=\"auto\">\n<p data-sanitized-data-mce-fragment=\"1\"><b>Gnijezdo <\/b>se mo\u017ee koristiti u kreveti\u0107u, kolicima, na krevetu roditelja, u dnevnoj sobi ili gdje god bebu prenesete ili spustite. Uvek je na sigurnom, za\u0161ti\u0107ena obodima, u svom poznatom prostoru i mirisu. Polukru\u017eni oblik imitira maternicu i pru\u017ea osje\u0107aj bezbjednosti i sku\u010denog prostora na koji je beba navikla u maminom stomaku.<\/p>\n<p data-sanitized-data-mce-fragment=\"1\">Gnijezdo se ste\u017ee provu\u010denom trakom kako bi slobodan prostor bio minimalan. Kasnije se razvezuje i \u0161iri prostor srazmjerno rastu bebe.<\/p>\n<ul>\n<li data-sanitized-data-mce-fragment=\"1\">U periodu od 0-3mj gnijezdo treba zategnuti kako bi se postigao osje\u0107aj sku\u010denog prostora koji dodatno umiruje.<\/li>\n<li data-sanitized-data-mce-fragment=\"1\">Nakon toga se razvezuje jer vi\u0161e nije potreban tijesan nego ograni\u010den prostor kako bi se umirili nemirni snovi. Obodi gnijezda ograni\u010davaju pokrete i beba se manje vrti i udara o ivice, tako\u0111e slu\u017ee za grljenje, \u0161to dodatno umiruje nemirne snove i stvara osje\u0107aj bliskosti.<\/li>\n<\/ul>\n<\/div>\n<\/div>\n<div dir=\"auto\"><strong>Materijal:\u00a0<\/strong><\/div>\n<ul>\n<li dir=\"auto\">100% organski pamuk ranforce.<\/li>\n<\/ul>\n<div dir=\"auto\"><strong>Punjenje:<\/strong><\/div>\n<ul>\n<li dir=\"auto\">Podloga \u2013 spu\u017eva<\/li>\n<\/ul>\n<div dir=\"auto\">\n<p><strong>Odr\u017eavanje:<\/strong><\/p>\n<ul>\n<li>Ru\u010dno pranje<\/li>\n<li>Su\u0161enje na vjetru.<\/li>\n<li>Dozvoljeno peglanje.<\/li>\n<\/ul>\n<p>Promjena pri pranju na 30\u00b0C: po du\u017eini -1,2%, po \u0161irini -0,5% pH vodenog ekstrakta 8,6%<br \/>\nProizvo\u0111a\u010d: Nano DOO, Cerik, Br\u010dko<\/p>\n<\/div>\n","protected":false},"excerpt":{"rendered":"<p>Nano Baby gnijezdo sa jastukom i jorganom. Najljep\u0161e i najsigurnije mjesto za bebe u prvim mjesecima. Gnijezdo se mo\u017ee koristiti<\/p>\n","protected":false},"featured_media":130676,"template":"","meta":[],"product_brand":[],"product_cat":[317,802,828,800,598],"product_tag":[],"class_list":{"0":"post-130675","1":"product","2":"type-product","3":"status-publish","4":"has-post-thumbnail","6":"product_cat-baby-oprema","7":"product_cat-bez","8":"product_cat-bez-mede","9":"product_cat-boje-i-dezeni","10":"product_cat-gnijezdo-za-bebe","12":"first","13":"instock","14":"shipping-taxable","15":"purchasable","16":"product-type-simple"},"_links":{"self":[{"href":"https:\/\/shop.nano.ba\/index.php\/wp-json\/wp\/v2\/product\/130675","targetHints":{"allow":["GET"]}}],"collection":[{"href":"https:\/\/shop.nano.ba\/index.php\/wp-json\/wp\/v2\/product"}],"about":[{"href":"https:\/\/shop.nano.ba\/index.php\/wp-json\/wp\/v2\/types\/product"}],"version-history":[{"count":1,"href":"https:\/\/shop.nano.ba\/index.php\/wp-json\/wp\/v2\/product\/130675\/revisions"}],"predecessor-version":[{"id":130677,"href":"https:\/\/shop.nano.ba\/index.php\/wp-json\/wp\/v2\/product\/130675\/revisions\/130677"}],"wp:featuredmedia":[{"embeddable":true,"href":"https:\/\/shop.nano.ba\/index.php\/wp-json\/wp\/v2\/media\/130676"}],"wp:attachment":[{"href":"https:\/\/shop.nano.ba\/index.php\/wp-json\/wp\/v2\/media?parent=130675"}],"wp:term":[{"taxonomy":"product_brand","embeddable":true,"href":"https:\/\/shop.nano.ba\/index.php\/wp-json\/wp\/v2\/product_brand?post=130675"},{"taxonomy":"product_cat","embeddable":true,"href":"https:\/\/shop.nano.ba\/index.php\/wp-json\/wp\/v2\/product_cat?post=130675"},{"taxonomy":"product_tag","embeddable":true,"href":"https:\/\/shop.nano.ba\/index.php\/wp-json\/wp\/v2\/product_tag?post=130675"}],"curies":[{"name":"wp","href":"https:\/\/api.w.org\/{rel}","templated":true}]}}