{"id":130684,"date":"2026-02-13T09:48:15","date_gmt":"2026-02-13T09:48:15","guid":{"rendered":"https:\/\/shop.nano.ba\/?post_type=product&#038;p=130684"},"modified":"2026-02-13T09:52:07","modified_gmt":"2026-02-13T09:52:07","slug":"set-royal-bijela-sa-bez-volanima-i-bez-mede-ogradica-sa-tri-strane-pletenica-plahta-jastuk-jorgan","status":"publish","type":"product","link":"https:\/\/shop.nano.ba\/index.php\/proizvod\/set-royal-bijela-sa-bez-volanima-i-bez-mede-ogradica-sa-tri-strane-pletenica-plahta-jastuk-jorgan\/","title":{"rendered":"Set Royal Bijela sa Svijetlo Be\u017e Volanima i Be\u017e Mede &#8211; Ogradica sa tri strane, pletenica, plahta, jastuk, jorgan"},"content":{"rendered":"<p>Najnje\u017eniji set za krevetac za male prin\u010deve i princeze &#8211; Visoko kvalitetna ogradica sa tri strane, pletenica, jastuk, jorgan, plahta.<\/p>\n<p>Sigurna je za\u0161tita za Va\u0161u bebu od udaraca prilikom spavanja. Ogradica je pro\u0161ivena s velikom pa\u017enjom do najmanjeg detalja, bez rajfe\u0161lusa i dugmi\u0107a. Vanjski materijal je 100% organski pamuk, a iznutra je punjena antialergijskim silikonskim pahuljicama. Ogradica odgovara i ovalnim\/okruglim krevetima.<\/p>\n<p><strong>Materijal:<\/strong><\/p>\n<ul>\n<li>100% organski pamuk ranforce.<\/li>\n<li>Punjenje: antialergijska silikonska pahuljica.<\/li>\n<\/ul>\n<p>Na\u0161 pamuk posjeduje OEKO-TEX\u00ae STANDARD 100 certifikat.<\/p>\n<p><strong>Odr\u017eavanje:<\/strong><\/p>\n<ul>\n<li>Ma\u0161insko pranje na 30\u00b0.<\/li>\n<li>Su\u0161enje na vjetru.<\/li>\n<li>Dozvoljeno peglanje.<\/li>\n<\/ul>\n<p>Set odgovara kreveti\u0107u dimenzija <strong>120x60cm<\/strong>.<\/p>\n<p>Promjena pri pranju na 30\u00b0C: po du\u017eini -1,2%, po \u0161irini -0,5% pH vodenog ekstrakta 8,6%<br \/>\nProizvo\u0111a\u010d: Nano DOO, Cerik, Br\u010dko<\/p>\n","protected":false},"excerpt":{"rendered":"<p>Najnje\u017eniji set za krevetac za male prin\u010deve i princeze &#8211; Visoko kvalitetna ogradica sa tri strane, pletenica, jastuk, jorgan, plahta.<\/p>\n","protected":false},"featured_media":130687,"template":"","meta":[],"product_brand":[],"product_cat":[317,802,828,800,513],"product_tag":[],"class_list":{"0":"post-130684","1":"product","2":"type-product","3":"status-publish","4":"has-post-thumbnail","6":"product_cat-baby-oprema","7":"product_cat-bez","8":"product_cat-bez-mede","9":"product_cat-boje-i-dezeni","10":"product_cat-ogradice-za-krevetac","12":"first","13":"instock","14":"shipping-taxable","15":"purchasable","16":"product-type-simple"},"_links":{"self":[{"href":"https:\/\/shop.nano.ba\/index.php\/wp-json\/wp\/v2\/product\/130684","targetHints":{"allow":["GET"]}}],"collection":[{"href":"https:\/\/shop.nano.ba\/index.php\/wp-json\/wp\/v2\/product"}],"about":[{"href":"https:\/\/shop.nano.ba\/index.php\/wp-json\/wp\/v2\/types\/product"}],"version-history":[{"count":2,"href":"https:\/\/shop.nano.ba\/index.php\/wp-json\/wp\/v2\/product\/130684\/revisions"}],"predecessor-version":[{"id":130689,"href":"https:\/\/shop.nano.ba\/index.php\/wp-json\/wp\/v2\/product\/130684\/revisions\/130689"}],"wp:featuredmedia":[{"embeddable":true,"href":"https:\/\/shop.nano.ba\/index.php\/wp-json\/wp\/v2\/media\/130687"}],"wp:attachment":[{"href":"https:\/\/shop.nano.ba\/index.php\/wp-json\/wp\/v2\/media?parent=130684"}],"wp:term":[{"taxonomy":"product_brand","embeddable":true,"href":"https:\/\/shop.nano.ba\/index.php\/wp-json\/wp\/v2\/product_brand?post=130684"},{"taxonomy":"product_cat","embeddable":true,"href":"https:\/\/shop.nano.ba\/index.php\/wp-json\/wp\/v2\/product_cat?post=130684"},{"taxonomy":"product_tag","embeddable":true,"href":"https:\/\/shop.nano.ba\/index.php\/wp-json\/wp\/v2\/product_tag?post=130684"}],"curies":[{"name":"wp","href":"https:\/\/api.w.org\/{rel}","templated":true}]}}