{"id":130907,"date":"2026-02-15T19:22:45","date_gmt":"2026-02-15T19:22:45","guid":{"rendered":"https:\/\/shop.nano.ba\/?post_type=product&#038;p=130907"},"modified":"2026-02-15T20:00:56","modified_gmt":"2026-02-15T20:00:56","slug":"autosjedalica-kidilo-isofix-rotofix-siva","status":"publish","type":"product","link":"https:\/\/shop.nano.ba\/index.php\/proizvod\/autosjedalica-kidilo-isofix-rotofix-siva\/","title":{"rendered":"Autosjedalica Kidilo &#8211; ISOFIX\/ROTOFIX &#8211; Siva"},"content":{"rendered":"<p><strong>Autosjedalica KIDILO 0-36kg<\/strong><\/p>\n<div dir=\"auto\"><strong>Karakteristike:<\/strong><\/div>\n<ul>\n<li dir=\"auto\">Prilago\u0111ena djeci za \u010detiri dobne skupine<\/li>\n<li dir=\"auto\">Grupa 0+: za djecu od ro\u0111enja do 13kg (15mj)<\/li>\n<li dir=\"auto\">Grupa 1: za djecu od 9kg do 18kg (9mj do 4 godine)<\/li>\n<li dir=\"auto\">Grupa 2: za djecu od 18kg do 25kg (3 &#8211; 7 godina)<\/li>\n<li dir=\"auto\">Grupa 3: za djecu od 22kg do 36kg (6 &#8211; 12 godina)<\/li>\n<li dir=\"auto\">ISOFIX<\/li>\n<li dir=\"auto\">ROTOFIX 360\u00b0<\/li>\n<li dir=\"auto\">Podesiva u \u010cETIRI polo\u017eaja\/nagiba u zavisnosti od veli\u010dine djeteta tako da se prilikom transporta beba osje\u0107a sigurno i udobno.<\/li>\n<li dir=\"auto\">Podesiva od sjede\u0107eg do polule\u017ee\u0107eg polo\u017eaja.<\/li>\n<li dir=\"auto\">Sigurnosni pojas u 5 ta\u010daka.<\/li>\n<\/ul>\n","protected":false},"excerpt":{"rendered":"<p>Autosjedalica KIDILO 0-36kg Karakteristike: Prilago\u0111ena djeci za \u010detiri dobne skupine Grupa 0+: za djecu od ro\u0111enja do 13kg (15mj) Grupa<\/p>\n","protected":false},"featured_media":130904,"template":"","meta":[],"product_brand":[],"product_cat":[591,317],"product_tag":[],"class_list":{"0":"post-130907","1":"product","2":"type-product","3":"status-publish","4":"has-post-thumbnail","6":"product_cat-autosjedalice","7":"product_cat-baby-oprema","9":"first","10":"instock","11":"shipping-taxable","12":"purchasable","13":"product-type-simple"},"_links":{"self":[{"href":"https:\/\/shop.nano.ba\/index.php\/wp-json\/wp\/v2\/product\/130907","targetHints":{"allow":["GET"]}}],"collection":[{"href":"https:\/\/shop.nano.ba\/index.php\/wp-json\/wp\/v2\/product"}],"about":[{"href":"https:\/\/shop.nano.ba\/index.php\/wp-json\/wp\/v2\/types\/product"}],"version-history":[{"count":2,"href":"https:\/\/shop.nano.ba\/index.php\/wp-json\/wp\/v2\/product\/130907\/revisions"}],"predecessor-version":[{"id":130909,"href":"https:\/\/shop.nano.ba\/index.php\/wp-json\/wp\/v2\/product\/130907\/revisions\/130909"}],"wp:featuredmedia":[{"embeddable":true,"href":"https:\/\/shop.nano.ba\/index.php\/wp-json\/wp\/v2\/media\/130904"}],"wp:attachment":[{"href":"https:\/\/shop.nano.ba\/index.php\/wp-json\/wp\/v2\/media?parent=130907"}],"wp:term":[{"taxonomy":"product_brand","embeddable":true,"href":"https:\/\/shop.nano.ba\/index.php\/wp-json\/wp\/v2\/product_brand?post=130907"},{"taxonomy":"product_cat","embeddable":true,"href":"https:\/\/shop.nano.ba\/index.php\/wp-json\/wp\/v2\/product_cat?post=130907"},{"taxonomy":"product_tag","embeddable":true,"href":"https:\/\/shop.nano.ba\/index.php\/wp-json\/wp\/v2\/product_tag?post=130907"}],"curies":[{"name":"wp","href":"https:\/\/api.w.org\/{rel}","templated":true}]}}