{"id":136560,"date":"2026-04-05T09:12:14","date_gmt":"2026-04-05T09:12:14","guid":{"rendered":"https:\/\/shop.nano.ba\/?post_type=product&#038;p=136560"},"modified":"2026-04-05T09:13:17","modified_gmt":"2026-04-05T09:13:17","slug":"ruksak-sa-neseserom-m1033-6-plava","status":"publish","type":"product","link":"https:\/\/shop.nano.ba\/index.php\/proizvod\/ruksak-sa-neseserom-m1033-6-plava\/","title":{"rendered":"Ruksak sa neseserom M1033-6 &#8211; Plava"},"content":{"rendered":"<div dir=\"auto\">\n<p>Jedina torba\/ruksak koji ce Vam ikada trebati.<br \/>\nDovoljno velika za sve bebine stvari, prakti\u010dna i sa super karakteristikama.<br \/>\nTorba koja \u0107e olak\u0161ati putovanja i izlaske sa mali\u0161anima.<\/p>\n<p>\u2022 Deluxe melange tkanina.<br \/>\n\u2022 Kop\u010de za jednostavno pri\u010dvr\u0161\u0107ivanje na kolica.<br \/>\n\u2022 Veliki otvor za lak pristup predmetima i za lak\u0161e slaganje stvari.<br \/>\n\u2022 Mnogo unutarnjih d\u017eepova za razvrstavanje stvari.<br \/>\n\u2022 4 vanjska d\u017eepa.<br \/>\n\u2022 U prednjem d\u017eepu nalaze se termo odjeljci za bo\u010dice koji satima odr\u017eavaju temperaturu sadr\u017eaja bo\u010dice.<br \/>\n\u2022 Na stra\u017enjoj strani torbe nalazi se patentni otvara\u010d koji omogu\u0107uje pristup stvarima na dnu torbe.<br \/>\n\u2022 Mini torbica za klju\u010deve, dudu.<br \/>\n\u2022 Prilagodljiva duljina naramenica.<br \/>\n\u2022 Pogodno za kori\u0161tenje i kao torba i kao ruksak.<br \/>\n\u2022 Neseser<br \/>\n\u2022Dimenzije torbe: 42x27x21cm<\/p>\n<\/div>\n<div dir=\"auto\"><\/div>\n<div dir=\"auto\">Prostrani ruksak u koji mo\u017ee stati sve \u0161to je neophodno za izlazak sa bebom. <span class=\"html-span xexx8yu xyri2b x18d9i69 x1c1uobl x1hl2dhg x16tdsg8 x1vvkbs x3nfvp2 x1j61x8r x1fcty0u xdj266r xat24cr xm2jcoa x1mpyi22 xxymvpz xlup9mm x1kky2od\"><img loading=\"lazy\" decoding=\"async\" class=\"xz74otr x15mokao x1ga7v0g x16uus16 xbiv7yw\" src=\"https:\/\/static.xx.fbcdn.net\/images\/emoji.php\/v9\/t33\/1\/16\/2705.png\" alt=\"\u2705\" width=\"16\" height=\"16\" \/><\/span><\/div>\n<div dir=\"auto\">Uz ruksak dolazi neseser za higijenu i torbica za dudu. <span class=\"html-span xexx8yu xyri2b x18d9i69 x1c1uobl x1hl2dhg x16tdsg8 x1vvkbs x3nfvp2 x1j61x8r x1fcty0u xdj266r xat24cr xm2jcoa x1mpyi22 xxymvpz xlup9mm x1kky2od\"><img loading=\"lazy\" decoding=\"async\" class=\"xz74otr x15mokao x1ga7v0g x16uus16 xbiv7yw\" src=\"https:\/\/static.xx.fbcdn.net\/images\/emoji.php\/v9\/t33\/1\/16\/2705.png\" alt=\"\u2705\" width=\"16\" height=\"16\" \/><\/span><\/div>\n<div dir=\"auto\">Dostupan u 4 boje: Crna, plava, siva i roze . <span class=\"html-span xexx8yu xyri2b x18d9i69 x1c1uobl x1hl2dhg x16tdsg8 x1vvkbs x3nfvp2 x1j61x8r x1fcty0u xdj266r xat24cr xm2jcoa x1mpyi22 xxymvpz xlup9mm x1kky2od\"><img loading=\"lazy\" decoding=\"async\" class=\"xz74otr x15mokao x1ga7v0g x16uus16 xbiv7yw\" src=\"https:\/\/static.xx.fbcdn.net\/images\/emoji.php\/v9\/t33\/1\/16\/2705.png\" alt=\"\u2705\" width=\"16\" height=\"16\" \/><\/span><\/div>\n","protected":false},"excerpt":{"rendered":"<p>Jedina torba\/ruksak koji ce Vam ikada trebati. Dovoljno velika za sve bebine stvari, prakti\u010dna i sa super karakteristikama. Torba koja<\/p>\n","protected":false},"featured_media":126574,"template":"","meta":[],"product_brand":[],"product_cat":[317,800,806,827],"product_tag":[],"class_list":{"0":"post-136560","1":"product","2":"type-product","3":"status-publish","4":"has-post-thumbnail","6":"product_cat-baby-oprema","7":"product_cat-boje-i-dezeni","8":"product_cat-plava","9":"product_cat-torbe-i-ruksaci-za-bebine-stvari","11":"first","12":"instock","13":"shipping-taxable","14":"purchasable","15":"product-type-simple"},"_links":{"self":[{"href":"https:\/\/shop.nano.ba\/index.php\/wp-json\/wp\/v2\/product\/136560","targetHints":{"allow":["GET"]}}],"collection":[{"href":"https:\/\/shop.nano.ba\/index.php\/wp-json\/wp\/v2\/product"}],"about":[{"href":"https:\/\/shop.nano.ba\/index.php\/wp-json\/wp\/v2\/types\/product"}],"version-history":[{"count":1,"href":"https:\/\/shop.nano.ba\/index.php\/wp-json\/wp\/v2\/product\/136560\/revisions"}],"predecessor-version":[{"id":136561,"href":"https:\/\/shop.nano.ba\/index.php\/wp-json\/wp\/v2\/product\/136560\/revisions\/136561"}],"wp:featuredmedia":[{"embeddable":true,"href":"https:\/\/shop.nano.ba\/index.php\/wp-json\/wp\/v2\/media\/126574"}],"wp:attachment":[{"href":"https:\/\/shop.nano.ba\/index.php\/wp-json\/wp\/v2\/media?parent=136560"}],"wp:term":[{"taxonomy":"product_brand","embeddable":true,"href":"https:\/\/shop.nano.ba\/index.php\/wp-json\/wp\/v2\/product_brand?post=136560"},{"taxonomy":"product_cat","embeddable":true,"href":"https:\/\/shop.nano.ba\/index.php\/wp-json\/wp\/v2\/product_cat?post=136560"},{"taxonomy":"product_tag","embeddable":true,"href":"https:\/\/shop.nano.ba\/index.php\/wp-json\/wp\/v2\/product_tag?post=136560"}],"curies":[{"name":"wp","href":"https:\/\/api.w.org\/{rel}","templated":true}]}}