{"id":15731,"date":"2021-02-23T13:46:21","date_gmt":"2021-02-23T13:46:21","guid":{"rendered":"https:\/\/shop.nano.ba\/?post_type=product&#038;p=15731"},"modified":"2026-04-14T08:25:21","modified_gmt":"2026-04-14T08:25:21","slug":"kruzna-cetka-za-brusenje-sa-drskom-harden","status":"publish","type":"product","link":"https:\/\/shop.nano.ba\/index.php\/proizvod\/kruzna-cetka-za-brusenje-sa-drskom-harden\/","title":{"rendered":"Kru\u017ena \u010detka za bru\u0161enje sa dr\u0161kom &#8220;HARDEN&#8221; 611523"},"content":{"rendered":"","protected":false},"excerpt":{"rendered":"","protected":false},"featured_media":0,"template":"","meta":[],"product_brand":[],"product_cat":[337],"product_tag":[],"class_list":{"0":"post-15731","1":"product","2":"type-product","3":"status-publish","5":"product_cat-alati","7":"first","8":"instock","9":"shipping-taxable","10":"purchasable","11":"product-type-simple"},"_links":{"self":[{"href":"https:\/\/shop.nano.ba\/index.php\/wp-json\/wp\/v2\/product\/15731","targetHints":{"allow":["GET"]}}],"collection":[{"href":"https:\/\/shop.nano.ba\/index.php\/wp-json\/wp\/v2\/product"}],"about":[{"href":"https:\/\/shop.nano.ba\/index.php\/wp-json\/wp\/v2\/types\/product"}],"version-history":[{"count":0,"href":"https:\/\/shop.nano.ba\/index.php\/wp-json\/wp\/v2\/product\/15731\/revisions"}],"wp:attachment":[{"href":"https:\/\/shop.nano.ba\/index.php\/wp-json\/wp\/v2\/media?parent=15731"}],"wp:term":[{"taxonomy":"product_brand","embeddable":true,"href":"https:\/\/shop.nano.ba\/index.php\/wp-json\/wp\/v2\/product_brand?post=15731"},{"taxonomy":"product_cat","embeddable":true,"href":"https:\/\/shop.nano.ba\/index.php\/wp-json\/wp\/v2\/product_cat?post=15731"},{"taxonomy":"product_tag","embeddable":true,"href":"https:\/\/shop.nano.ba\/index.php\/wp-json\/wp\/v2\/product_tag?post=15731"}],"curies":[{"name":"wp","href":"https:\/\/api.w.org\/{rel}","templated":true}]}}