{"id":17510,"date":"2021-04-18T20:31:42","date_gmt":"2021-04-18T20:31:42","guid":{"rendered":"https:\/\/shop.nano.ba\/?post_type=product&#038;p=17510"},"modified":"2025-10-15T11:26:45","modified_gmt":"2025-10-15T11:26:45","slug":"ruksak-za-mame-s-termoizolacijom-za-flasice","status":"publish","type":"product","link":"https:\/\/shop.nano.ba\/index.php\/proizvod\/ruksak-za-mame-s-termoizolacijom-za-flasice\/","title":{"rendered":"Ruksak za mame &#8211; na razvla\u010denje"},"content":{"rendered":"","protected":false},"excerpt":{"rendered":"<p>Prostrani ruksaci sa vi\u0161e d\u017eepova kako bi sve potrebne stvari bile organizirane i lako dostupne.<\/p>\n<div dir=\"auto\">Prednji dzepovi imaju zastitnu foliju za odrzavanje optimalne temperature sadrzaja bocica,bilo ljeti ili zimi.<\/div>\n<div dir=\"auto\">Dimenzije ruksaka: 40x25x20<\/div>\n","protected":false},"featured_media":117404,"template":"","meta":[],"product_brand":[],"product_cat":[317],"product_tag":[],"class_list":{"0":"post-17510","1":"product","2":"type-product","3":"status-publish","4":"has-post-thumbnail","6":"product_cat-baby-oprema","8":"first","9":"instock","10":"shipping-taxable","11":"purchasable","12":"product-type-variable"},"_links":{"self":[{"href":"https:\/\/shop.nano.ba\/index.php\/wp-json\/wp\/v2\/product\/17510","targetHints":{"allow":["GET"]}}],"collection":[{"href":"https:\/\/shop.nano.ba\/index.php\/wp-json\/wp\/v2\/product"}],"about":[{"href":"https:\/\/shop.nano.ba\/index.php\/wp-json\/wp\/v2\/types\/product"}],"version-history":[{"count":3,"href":"https:\/\/shop.nano.ba\/index.php\/wp-json\/wp\/v2\/product\/17510\/revisions"}],"predecessor-version":[{"id":117405,"href":"https:\/\/shop.nano.ba\/index.php\/wp-json\/wp\/v2\/product\/17510\/revisions\/117405"}],"wp:featuredmedia":[{"embeddable":true,"href":"https:\/\/shop.nano.ba\/index.php\/wp-json\/wp\/v2\/media\/117404"}],"wp:attachment":[{"href":"https:\/\/shop.nano.ba\/index.php\/wp-json\/wp\/v2\/media?parent=17510"}],"wp:term":[{"taxonomy":"product_brand","embeddable":true,"href":"https:\/\/shop.nano.ba\/index.php\/wp-json\/wp\/v2\/product_brand?post=17510"},{"taxonomy":"product_cat","embeddable":true,"href":"https:\/\/shop.nano.ba\/index.php\/wp-json\/wp\/v2\/product_cat?post=17510"},{"taxonomy":"product_tag","embeddable":true,"href":"https:\/\/shop.nano.ba\/index.php\/wp-json\/wp\/v2\/product_tag?post=17510"}],"curies":[{"name":"wp","href":"https:\/\/api.w.org\/{rel}","templated":true}]}}