{"id":23351,"date":"2021-10-02T12:30:22","date_gmt":"2021-10-02T12:30:22","guid":{"rendered":"https:\/\/shop.nano.ba\/?post_type=product&#038;p=23351"},"modified":"2025-12-04T10:23:47","modified_gmt":"2025-12-04T10:23:47","slug":"sajla-za-ciscenje-odvoda-10m-9mm-harden-601010","status":"publish","type":"product","link":"https:\/\/shop.nano.ba\/index.php\/proizvod\/sajla-za-ciscenje-odvoda-10m-9mm-harden-601010\/","title":{"rendered":"Sajla za \u010di\u0161\u0107enje odvoda 10m 9mm Harden 601010"},"content":{"rendered":"","protected":false},"excerpt":{"rendered":"","protected":false},"featured_media":23355,"template":"","meta":[],"product_brand":[],"product_cat":[337,732],"product_tag":[],"class_list":{"0":"post-23351","1":"product","2":"type-product","3":"status-publish","4":"has-post-thumbnail","6":"product_cat-alati","7":"product_cat-sajle","9":"first","10":"instock","11":"sale","12":"shipping-taxable","13":"purchasable","14":"product-type-simple"},"_links":{"self":[{"href":"https:\/\/shop.nano.ba\/index.php\/wp-json\/wp\/v2\/product\/23351","targetHints":{"allow":["GET"]}}],"collection":[{"href":"https:\/\/shop.nano.ba\/index.php\/wp-json\/wp\/v2\/product"}],"about":[{"href":"https:\/\/shop.nano.ba\/index.php\/wp-json\/wp\/v2\/types\/product"}],"version-history":[{"count":1,"href":"https:\/\/shop.nano.ba\/index.php\/wp-json\/wp\/v2\/product\/23351\/revisions"}],"predecessor-version":[{"id":41110,"href":"https:\/\/shop.nano.ba\/index.php\/wp-json\/wp\/v2\/product\/23351\/revisions\/41110"}],"wp:featuredmedia":[{"embeddable":true,"href":"https:\/\/shop.nano.ba\/index.php\/wp-json\/wp\/v2\/media\/23355"}],"wp:attachment":[{"href":"https:\/\/shop.nano.ba\/index.php\/wp-json\/wp\/v2\/media?parent=23351"}],"wp:term":[{"taxonomy":"product_brand","embeddable":true,"href":"https:\/\/shop.nano.ba\/index.php\/wp-json\/wp\/v2\/product_brand?post=23351"},{"taxonomy":"product_cat","embeddable":true,"href":"https:\/\/shop.nano.ba\/index.php\/wp-json\/wp\/v2\/product_cat?post=23351"},{"taxonomy":"product_tag","embeddable":true,"href":"https:\/\/shop.nano.ba\/index.php\/wp-json\/wp\/v2\/product_tag?post=23351"}],"curies":[{"name":"wp","href":"https:\/\/api.w.org\/{rel}","templated":true}]}}