{"id":3167,"date":"2019-10-27T11:37:22","date_gmt":"2019-10-27T11:37:22","guid":{"rendered":"https:\/\/shop.nano.ba\/?post_type=product&#038;p=3167"},"modified":"2025-01-21T13:25:17","modified_gmt":"2025-01-21T13:25:17","slug":"r2d2-keramicka-solja","status":"publish","type":"product","link":"https:\/\/shop.nano.ba\/index.php\/proizvod\/r2d2-keramicka-solja\/","title":{"rendered":"&#8220;R2D2&#8221; kerami\u010dka \u0161olja"},"content":{"rendered":"<p>Kerami\u010dka \u0161olja s poklopcem, zapremine 500ml<\/p>\n<p>Oblik robota R2D2 Artu Ditu iz popularnog filma Star Wars.<\/p>\n","protected":false},"excerpt":{"rendered":"<p>Kerami\u010dka \u0161olja s poklopcem, zapremine 500ml Oblik robota R2D2 Artu Ditu iz popularnog filma Star Wars.<\/p>\n","protected":false},"featured_media":88386,"template":"","meta":[],"product_brand":[],"product_cat":[63,309],"product_tag":[216,103],"class_list":{"0":"post-3167","1":"product","2":"type-product","3":"status-publish","4":"has-post-thumbnail","6":"product_cat-keramicke-solje","7":"product_cat-marvel","8":"product_tag-r2d2","9":"product_tag-star-wars","11":"first","12":"instock","13":"sale","14":"shipping-taxable","15":"purchasable","16":"product-type-simple"},"_links":{"self":[{"href":"https:\/\/shop.nano.ba\/index.php\/wp-json\/wp\/v2\/product\/3167","targetHints":{"allow":["GET"]}}],"collection":[{"href":"https:\/\/shop.nano.ba\/index.php\/wp-json\/wp\/v2\/product"}],"about":[{"href":"https:\/\/shop.nano.ba\/index.php\/wp-json\/wp\/v2\/types\/product"}],"version-history":[{"count":2,"href":"https:\/\/shop.nano.ba\/index.php\/wp-json\/wp\/v2\/product\/3167\/revisions"}],"predecessor-version":[{"id":88392,"href":"https:\/\/shop.nano.ba\/index.php\/wp-json\/wp\/v2\/product\/3167\/revisions\/88392"}],"wp:featuredmedia":[{"embeddable":true,"href":"https:\/\/shop.nano.ba\/index.php\/wp-json\/wp\/v2\/media\/88386"}],"wp:attachment":[{"href":"https:\/\/shop.nano.ba\/index.php\/wp-json\/wp\/v2\/media?parent=3167"}],"wp:term":[{"taxonomy":"product_brand","embeddable":true,"href":"https:\/\/shop.nano.ba\/index.php\/wp-json\/wp\/v2\/product_brand?post=3167"},{"taxonomy":"product_cat","embeddable":true,"href":"https:\/\/shop.nano.ba\/index.php\/wp-json\/wp\/v2\/product_cat?post=3167"},{"taxonomy":"product_tag","embeddable":true,"href":"https:\/\/shop.nano.ba\/index.php\/wp-json\/wp\/v2\/product_tag?post=3167"}],"curies":[{"name":"wp","href":"https:\/\/api.w.org\/{rel}","templated":true}]}}