{"id":3445,"date":"2019-11-04T13:49:01","date_gmt":"2019-11-04T13:49:01","guid":{"rendered":"https:\/\/shop.nano.ba\/?post_type=product&#038;p=3445"},"modified":"2022-05-13T17:30:43","modified_gmt":"2022-05-13T17:30:43","slug":"baby-gnijezdo","status":"publish","type":"product","link":"https:\/\/shop.nano.ba\/index.php\/proizvod\/baby-gnijezdo\/","title":{"rendered":"Gnijezdo s jastukom i jorganom"},"content":{"rendered":"<p>Gnijezdo dolazi\u00a0 u setu s jastukom i jorganom:<\/p>\n<p>Gnijezdo 80x45cm<\/p>\n<p>Jastuk 25x30cm<\/p>\n<p>Jorgan 50x70cm<\/p>\n<p>Sve izra\u0111ujemo od 100% organskog pamuka, kvalitet ranforce, 64 niti u kvadratnom centimetru.<br \/>\nGnijezdo za podlogu ima spu\u017evu presvu\u010denu koflinom za dodatnu udobnost.<br \/>\nGnijezdo se mo\u017ee pro\u0161irivati.<br \/>\nNije preporu\u010dljivo prati u ma\u0161ini za ve\u0161, kao i su\u0161iti u su\u0161ilici.<br \/>\nPunjenje gnijezda i jastuka je antialergijska silikonska pahuljica, a punjenje jorgana 200 gramski koflin.<\/p>\n<p>&nbsp;<\/p>\n","protected":false},"excerpt":{"rendered":"<p>Gnijezdo dolazi\u00a0 u setu s jastukom i jorganom: Gnijezdo 80x45cm Jastuk 25x30cm Jorgan 50x70cm Sve izra\u0111ujemo od 100% organskog pamuka,<\/p>\n","protected":false},"featured_media":18157,"template":"","meta":[],"product_brand":[],"product_cat":[317,37],"product_tag":[],"class_list":{"0":"post-3445","1":"product","2":"type-product","3":"status-publish","4":"has-post-thumbnail","6":"product_cat-baby-oprema","7":"product_cat-tekstil","9":"first","10":"instock","11":"shipping-taxable","12":"purchasable","13":"product-type-variable"},"_links":{"self":[{"href":"https:\/\/shop.nano.ba\/index.php\/wp-json\/wp\/v2\/product\/3445","targetHints":{"allow":["GET"]}}],"collection":[{"href":"https:\/\/shop.nano.ba\/index.php\/wp-json\/wp\/v2\/product"}],"about":[{"href":"https:\/\/shop.nano.ba\/index.php\/wp-json\/wp\/v2\/types\/product"}],"version-history":[{"count":0,"href":"https:\/\/shop.nano.ba\/index.php\/wp-json\/wp\/v2\/product\/3445\/revisions"}],"wp:featuredmedia":[{"embeddable":true,"href":"https:\/\/shop.nano.ba\/index.php\/wp-json\/wp\/v2\/media\/18157"}],"wp:attachment":[{"href":"https:\/\/shop.nano.ba\/index.php\/wp-json\/wp\/v2\/media?parent=3445"}],"wp:term":[{"taxonomy":"product_brand","embeddable":true,"href":"https:\/\/shop.nano.ba\/index.php\/wp-json\/wp\/v2\/product_brand?post=3445"},{"taxonomy":"product_cat","embeddable":true,"href":"https:\/\/shop.nano.ba\/index.php\/wp-json\/wp\/v2\/product_cat?post=3445"},{"taxonomy":"product_tag","embeddable":true,"href":"https:\/\/shop.nano.ba\/index.php\/wp-json\/wp\/v2\/product_tag?post=3445"}],"curies":[{"name":"wp","href":"https:\/\/api.w.org\/{rel}","templated":true}]}}