{"id":4136,"date":"2019-12-18T17:55:18","date_gmt":"2019-12-18T17:55:18","guid":{"rendered":"https:\/\/shop.nano.ba\/?post_type=product&#038;p=4136"},"modified":"2025-12-03T07:13:13","modified_gmt":"2025-12-03T07:13:13","slug":"spiderman-keramicka-solja","status":"publish","type":"product","link":"https:\/\/shop.nano.ba\/index.php\/proizvod\/spiderman-keramicka-solja\/","title":{"rendered":"&#8220;Spiderman&#8221; kerami\u010dka \u0161olja"},"content":{"rendered":"<p>Kerami\u010dka \u0161olja u obliku Spiderman-a.<br \/>\nZapremina 600ml.<\/p>\n","protected":false},"excerpt":{"rendered":"<p>spiderman<\/p>\n","protected":false},"featured_media":88488,"template":"","meta":[],"product_brand":[],"product_cat":[63,309],"product_tag":[],"class_list":{"0":"post-4136","1":"product","2":"type-product","3":"status-publish","4":"has-post-thumbnail","6":"product_cat-keramicke-solje","7":"product_cat-marvel","9":"first","10":"outofstock","11":"shipping-taxable","12":"purchasable","13":"product-type-simple"},"_links":{"self":[{"href":"https:\/\/shop.nano.ba\/index.php\/wp-json\/wp\/v2\/product\/4136","targetHints":{"allow":["GET"]}}],"collection":[{"href":"https:\/\/shop.nano.ba\/index.php\/wp-json\/wp\/v2\/product"}],"about":[{"href":"https:\/\/shop.nano.ba\/index.php\/wp-json\/wp\/v2\/types\/product"}],"version-history":[{"count":2,"href":"https:\/\/shop.nano.ba\/index.php\/wp-json\/wp\/v2\/product\/4136\/revisions"}],"predecessor-version":[{"id":88493,"href":"https:\/\/shop.nano.ba\/index.php\/wp-json\/wp\/v2\/product\/4136\/revisions\/88493"}],"wp:featuredmedia":[{"embeddable":true,"href":"https:\/\/shop.nano.ba\/index.php\/wp-json\/wp\/v2\/media\/88488"}],"wp:attachment":[{"href":"https:\/\/shop.nano.ba\/index.php\/wp-json\/wp\/v2\/media?parent=4136"}],"wp:term":[{"taxonomy":"product_brand","embeddable":true,"href":"https:\/\/shop.nano.ba\/index.php\/wp-json\/wp\/v2\/product_brand?post=4136"},{"taxonomy":"product_cat","embeddable":true,"href":"https:\/\/shop.nano.ba\/index.php\/wp-json\/wp\/v2\/product_cat?post=4136"},{"taxonomy":"product_tag","embeddable":true,"href":"https:\/\/shop.nano.ba\/index.php\/wp-json\/wp\/v2\/product_tag?post=4136"}],"curies":[{"name":"wp","href":"https:\/\/api.w.org\/{rel}","templated":true}]}}