{"id":47919,"date":"2023-06-07T07:55:12","date_gmt":"2023-06-07T07:55:12","guid":{"rendered":"https:\/\/shop.nano.ba\/?post_type=product&#038;p=47919"},"modified":"2026-04-30T12:04:56","modified_gmt":"2026-04-30T12:04:56","slug":"ovalni-krevetac-elsa-7-1-wbb1160","status":"publish","type":"product","link":"https:\/\/shop.nano.ba\/index.php\/proizvod\/ovalni-krevetac-elsa-7-1-wbb1160\/","title":{"rendered":"Ovalni krevetac Elsa 7\/1 wbb1160"},"content":{"rendered":"<p>Krevet koji mo\u017eete koristiti od ro\u0111enja do navr\u0161ene devete godine \u017eivota, a i kasnije kao stol i dvije udobne stolice.<br \/>\nOd ro\u0111enja do 3. mjeseca se koristi okrugla faza kreveti\u0107a i stol za presvla\u010denje.<br \/>\n3-6 mjeseca ovalni dio na najviso\u010dijem nivou, dimenzije 125x70cm<br \/>\n6-36 mjeseca koristi se ovalni dio na najni\u017eem nivou<br \/>\n3-9 godina koristi se najdu\u017ei dio kreveta(bez to\u010dki\u0107a), dimenzije 180x70cm.<\/p>\n<p>Samo kod nas imate mogu\u0107nost uzeti posteljinu i ogradice po \u017eelji, za sve faze kreveti\u0107a.<\/p>\n<p>Posjetite na\u0161 maloprodajni objekat na Ceriku u Br\u010dkom pored magistralnog puta Tuzla-Ora\u0161je, ili naru\u010dite na ku\u0107nu adresu. Nudimo sigurnu online kupovinu, \u0161aljemo brzom po\u0161tom na adresu, uz pla\u0107anje prilikom preuzimanja i pregledanje paketa prije pla\u0107anja.<\/p>\n<p>Svi paketi su osigurani od o\u0161te\u0107enja prilikom transporta.<\/p>\n","protected":false},"excerpt":{"rendered":"<p>Krevet koji mo\u017eete koristiti od ro\u0111enja do navr\u0161ene devete godine \u017eivota, a i kasnije kao stol i dvije udobne stolice.<\/p>\n","protected":false},"featured_media":116563,"template":"","meta":[],"product_brand":[],"product_cat":[317,515],"product_tag":[],"class_list":{"0":"post-47919","1":"product","2":"type-product","3":"status-publish","4":"has-post-thumbnail","6":"product_cat-baby-oprema","7":"product_cat-krevetici","9":"first","10":"instock","11":"shipping-taxable","12":"purchasable","13":"product-type-simple"},"_links":{"self":[{"href":"https:\/\/shop.nano.ba\/index.php\/wp-json\/wp\/v2\/product\/47919","targetHints":{"allow":["GET"]}}],"collection":[{"href":"https:\/\/shop.nano.ba\/index.php\/wp-json\/wp\/v2\/product"}],"about":[{"href":"https:\/\/shop.nano.ba\/index.php\/wp-json\/wp\/v2\/types\/product"}],"version-history":[{"count":1,"href":"https:\/\/shop.nano.ba\/index.php\/wp-json\/wp\/v2\/product\/47919\/revisions"}],"predecessor-version":[{"id":47922,"href":"https:\/\/shop.nano.ba\/index.php\/wp-json\/wp\/v2\/product\/47919\/revisions\/47922"}],"wp:featuredmedia":[{"embeddable":true,"href":"https:\/\/shop.nano.ba\/index.php\/wp-json\/wp\/v2\/media\/116563"}],"wp:attachment":[{"href":"https:\/\/shop.nano.ba\/index.php\/wp-json\/wp\/v2\/media?parent=47919"}],"wp:term":[{"taxonomy":"product_brand","embeddable":true,"href":"https:\/\/shop.nano.ba\/index.php\/wp-json\/wp\/v2\/product_brand?post=47919"},{"taxonomy":"product_cat","embeddable":true,"href":"https:\/\/shop.nano.ba\/index.php\/wp-json\/wp\/v2\/product_cat?post=47919"},{"taxonomy":"product_tag","embeddable":true,"href":"https:\/\/shop.nano.ba\/index.php\/wp-json\/wp\/v2\/product_tag?post=47919"}],"curies":[{"name":"wp","href":"https:\/\/api.w.org\/{rel}","templated":true}]}}