{"id":48144,"date":"2023-06-11T06:48:30","date_gmt":"2023-06-11T06:48:30","guid":{"rendered":"https:\/\/shop.nano.ba\/?post_type=product&#038;p=48144"},"modified":"2024-05-10T10:59:47","modified_gmt":"2024-05-10T10:59:47","slug":"radni-kolica-sa-5-ladica-i-3-dodatna-bocna-nivoa-bd-36-44-68","status":"publish","type":"product","link":"https:\/\/shop.nano.ba\/index.php\/proizvod\/radni-kolica-sa-5-ladica-i-3-dodatna-bocna-nivoa-bd-36-44-68\/","title":{"rendered":"Radni kolica sa 5 ladica i 3 dodatna bocna nivoa (BD.36.44.68)"},"content":{"rendered":"<pre id=\"tw-target-text\" class=\"tw-data-text tw-text-large tw-ta\" dir=\"ltr\" data-placeholder=\"Translation\"><span class=\"Y2IQFc\" lang=\"bs\">Tehni\u010dke specifikacije proizvoda:\r\n\r\nDimenzije: V830x\u01601000xD500 mm\r\nTe\u017eina: 55 kg (bez dodataka)\r\nMaterijal: DKP i HRP lim (0,80-1,20 mm)\r\nElektrostati\u010dko premazivanje prahom\r\nBoja: RAL7001 (siva) i RAL1028 (\u017euta) (dostupne su dodatne boje)\r\nVeli\u010dina plo\u010de: \u01601000xD500 mm\r\nMaterijal plo\u010de: 2,50 mm PVC presvu\u010den sa sa\u0107astim uzorkom\r\n4 fioke \u0161irine 100 mm (unutra\u0161nje dimenzije: V70x\u0160400xD480mm)\r\n1 fioka \u0161irine 200 mm (unutra\u0161nje dimenzije: V170x\u0160400xD480mm)\r\n1 podesiva polica (unutra\u0161nje dimenzije: V30x\u0160470xD420mm)\r\nOpremljen industrijskim kota\u010dima srednjeg optere\u0107enja (R100) (2 sa ko\u010dnicama, 2 fiksna)<\/span><\/pre>\n","protected":false},"excerpt":{"rendered":"<p>Tehni\u010dke specifikacije proizvoda: Dimenzije: V830x\u01601000xD500 mm Te\u017eina: 55 kg (bez dodataka) Materijal: DKP i HRP lim (0,80-1,20 mm) Elektrostati\u010dko premazivanje<\/p>\n","protected":false},"featured_media":48145,"template":"","meta":[],"product_brand":[],"product_cat":[576],"product_tag":[],"class_list":{"0":"post-48144","1":"product","2":"type-product","3":"status-publish","4":"has-post-thumbnail","6":"product_cat-metalni-radni-stolovi","8":"first","9":"outofstock","10":"shipping-taxable","11":"purchasable","12":"product-type-simple"},"_links":{"self":[{"href":"https:\/\/shop.nano.ba\/index.php\/wp-json\/wp\/v2\/product\/48144","targetHints":{"allow":["GET"]}}],"collection":[{"href":"https:\/\/shop.nano.ba\/index.php\/wp-json\/wp\/v2\/product"}],"about":[{"href":"https:\/\/shop.nano.ba\/index.php\/wp-json\/wp\/v2\/types\/product"}],"version-history":[{"count":1,"href":"https:\/\/shop.nano.ba\/index.php\/wp-json\/wp\/v2\/product\/48144\/revisions"}],"predecessor-version":[{"id":48148,"href":"https:\/\/shop.nano.ba\/index.php\/wp-json\/wp\/v2\/product\/48144\/revisions\/48148"}],"wp:featuredmedia":[{"embeddable":true,"href":"https:\/\/shop.nano.ba\/index.php\/wp-json\/wp\/v2\/media\/48145"}],"wp:attachment":[{"href":"https:\/\/shop.nano.ba\/index.php\/wp-json\/wp\/v2\/media?parent=48144"}],"wp:term":[{"taxonomy":"product_brand","embeddable":true,"href":"https:\/\/shop.nano.ba\/index.php\/wp-json\/wp\/v2\/product_brand?post=48144"},{"taxonomy":"product_cat","embeddable":true,"href":"https:\/\/shop.nano.ba\/index.php\/wp-json\/wp\/v2\/product_cat?post=48144"},{"taxonomy":"product_tag","embeddable":true,"href":"https:\/\/shop.nano.ba\/index.php\/wp-json\/wp\/v2\/product_tag?post=48144"}],"curies":[{"name":"wp","href":"https:\/\/api.w.org\/{rel}","templated":true}]}}