{"id":49730,"date":"2023-06-27T12:33:23","date_gmt":"2023-06-27T12:33:23","guid":{"rendered":"https:\/\/shop.nano.ba\/?post_type=product&#038;p=49730"},"modified":"2026-02-15T13:22:36","modified_gmt":"2026-02-15T13:22:36","slug":"autosjedalica-burbay-9-18kg-tamno-siva","status":"publish","type":"product","link":"https:\/\/shop.nano.ba\/index.php\/proizvod\/autosjedalica-burbay-9-18kg-tamno-siva\/","title":{"rendered":"Autosjedalica &#8211; BURBAY 0-25kg &#8211; Tamno siva"},"content":{"rendered":"<div dir=\"auto\">Autosjedalica BURBAY 0-25kg<\/div>\n<div dir=\"auto\">\n<strong>Karakteristike:<\/strong><\/div>\n<ul>\n<li dir=\"auto\">Prilago\u0111ena djeci za tri dobne skupine<\/li>\n<li dir=\"auto\">Grupa 0: za djecu od ro\u0111enja do 9kg<\/li>\n<li dir=\"auto\">Grupa 1: za djecu od 9kg do 18kg<\/li>\n<li dir=\"auto\">Grupa 2: za djecu od 18kg do 25kg<\/li>\n<li dir=\"auto\">Na sjedi\u0161te se pri\u010dvr\u0161\u0107uje pojasom.<\/li>\n<li dir=\"auto\">Podesiva u tri polo\u017eaja\/nagiba u zavisnosti od veli\u010dine djeteta tako da se prilikom transporta beba osje\u0107a sigurno i udobno.<\/li>\n<li dir=\"auto\">Podesiva od sjede\u0107eg do polule\u017ee\u0107eg polo\u017eaja.<\/li>\n<li dir=\"auto\">Sigurnosni pojas u 5 ta\u010daka.<\/li>\n<li dir=\"auto\">Pojas podesiv na tri nivoa.<\/li>\n<\/ul>\n<div dir=\"auto\"><\/div>\n","protected":false},"excerpt":{"rendered":"<p>Autosjedalica BURBAY 0-25kg Karakteristike: Prilago\u0111ena djeci za tri dobne skupine Grupa 0: za djecu od ro\u0111enja do 9kg Grupa 1:<\/p>\n","protected":false},"featured_media":130889,"template":"","meta":[],"product_brand":[],"product_cat":[591,317],"product_tag":[],"class_list":{"0":"post-49730","1":"product","2":"type-product","3":"status-publish","4":"has-post-thumbnail","6":"product_cat-autosjedalice","7":"product_cat-baby-oprema","9":"first","10":"instock","11":"shipping-taxable","12":"purchasable","13":"product-type-simple"},"_links":{"self":[{"href":"https:\/\/shop.nano.ba\/index.php\/wp-json\/wp\/v2\/product\/49730","targetHints":{"allow":["GET"]}}],"collection":[{"href":"https:\/\/shop.nano.ba\/index.php\/wp-json\/wp\/v2\/product"}],"about":[{"href":"https:\/\/shop.nano.ba\/index.php\/wp-json\/wp\/v2\/types\/product"}],"version-history":[{"count":4,"href":"https:\/\/shop.nano.ba\/index.php\/wp-json\/wp\/v2\/product\/49730\/revisions"}],"predecessor-version":[{"id":130893,"href":"https:\/\/shop.nano.ba\/index.php\/wp-json\/wp\/v2\/product\/49730\/revisions\/130893"}],"wp:featuredmedia":[{"embeddable":true,"href":"https:\/\/shop.nano.ba\/index.php\/wp-json\/wp\/v2\/media\/130889"}],"wp:attachment":[{"href":"https:\/\/shop.nano.ba\/index.php\/wp-json\/wp\/v2\/media?parent=49730"}],"wp:term":[{"taxonomy":"product_brand","embeddable":true,"href":"https:\/\/shop.nano.ba\/index.php\/wp-json\/wp\/v2\/product_brand?post=49730"},{"taxonomy":"product_cat","embeddable":true,"href":"https:\/\/shop.nano.ba\/index.php\/wp-json\/wp\/v2\/product_cat?post=49730"},{"taxonomy":"product_tag","embeddable":true,"href":"https:\/\/shop.nano.ba\/index.php\/wp-json\/wp\/v2\/product_tag?post=49730"}],"curies":[{"name":"wp","href":"https:\/\/api.w.org\/{rel}","templated":true}]}}