{"id":50803,"date":"2023-07-05T06:45:31","date_gmt":"2023-07-05T06:45:31","guid":{"rendered":"https:\/\/shop.nano.ba\/?post_type=product&#038;p=50803"},"modified":"2025-10-05T11:10:07","modified_gmt":"2025-10-05T11:10:07","slug":"teddy-ruksak-sa-vezom-imena-smedi","status":"publish","type":"product","link":"https:\/\/shop.nano.ba\/index.php\/proizvod\/teddy-ruksak-sa-vezom-imena-smedi\/","title":{"rendered":"Teddy ruksak sa vezom imena \u2013 Sme\u0111i"},"content":{"rendered":"<div dir=\"auto\">Dostupno u narednim bojama: sme\u0111i, roza, zeleni, svijetlo plavi, plavi i crni. <span class=\"x3nfvp2 x1j61x8r x1fcty0u xdj266r xhhsvwb xat24cr xgzva0m xxymvpz xlup9mm x1kky2od\"><img loading=\"lazy\" decoding=\"async\" src=\"https:\/\/static.xx.fbcdn.net\/images\/emoji.php\/v9\/tdc\/1\/16\/26a0.png\" alt=\"\u26a0\" width=\"16\" height=\"16\" \/><\/span><\/div>\n<div dir=\"auto\">Dimenzije: 28x27x13cm.<\/div>\n<div dir=\"auto\">Cijena ruksaka bez veza imena 35KM.<span class=\"x3nfvp2 x1j61x8r x1fcty0u xdj266r xhhsvwb xat24cr xgzva0m xxymvpz xlup9mm x1kky2od\"><img loading=\"lazy\" decoding=\"async\" src=\"https:\/\/static.xx.fbcdn.net\/images\/emoji.php\/v9\/tf0\/1\/16\/1f338.png\" alt=\"\ud83c\udf38\" width=\"16\" height=\"16\" \/><\/span><\/div>\n<div dir=\"auto\">Cijena ruksaka sa vezom imena 40KM. <span class=\"x3nfvp2 x1j61x8r x1fcty0u xdj266r xhhsvwb xat24cr xgzva0m xxymvpz xlup9mm x1kky2od\"><img loading=\"lazy\" decoding=\"async\" src=\"https:\/\/static.xx.fbcdn.net\/images\/emoji.php\/v9\/tf0\/1\/16\/1f338.png\" alt=\"\ud83c\udf38\" width=\"16\" height=\"16\" \/><\/span><\/div>\n<div dir=\"auto\">Posjetite na\u0161 maloprodajni objekat na Ceriku u Br\u010dkom pored magistralnog puta Tuzla-Ora\u0161je, ili naru\u010dite na ku\u0107nu adresu. Nudimo sigurnu online kupovinu, \u0161aljemo brzom po\u0161tom na adresu, uz pla\u0107anje prilikom preuzimanja i pregledanje paketa prije pla\u0107anja.<\/div>\n<div dir=\"auto\">Svi paketi su osigurani od o\u0161te\u0107enja prilikom transporta.<\/div>\n","protected":false},"excerpt":{"rendered":"<p>Dostupno u narednim bojama: sme\u0111i, roza, zeleni, svijetlo plavi, plavi i crni. Dimenzije: 28x27x13cm. Cijena ruksaka bez veza imena 35KM.<\/p>\n","protected":false},"featured_media":50804,"template":"","meta":[],"product_brand":[],"product_cat":[317,612],"product_tag":[],"class_list":{"0":"post-50803","1":"product","2":"type-product","3":"status-publish","4":"has-post-thumbnail","6":"product_cat-baby-oprema","7":"product_cat-ruksaci","9":"first","10":"outofstock","11":"shipping-taxable","12":"purchasable","13":"product-type-simple"},"_links":{"self":[{"href":"https:\/\/shop.nano.ba\/index.php\/wp-json\/wp\/v2\/product\/50803","targetHints":{"allow":["GET"]}}],"collection":[{"href":"https:\/\/shop.nano.ba\/index.php\/wp-json\/wp\/v2\/product"}],"about":[{"href":"https:\/\/shop.nano.ba\/index.php\/wp-json\/wp\/v2\/types\/product"}],"version-history":[{"count":1,"href":"https:\/\/shop.nano.ba\/index.php\/wp-json\/wp\/v2\/product\/50803\/revisions"}],"predecessor-version":[{"id":50809,"href":"https:\/\/shop.nano.ba\/index.php\/wp-json\/wp\/v2\/product\/50803\/revisions\/50809"}],"wp:featuredmedia":[{"embeddable":true,"href":"https:\/\/shop.nano.ba\/index.php\/wp-json\/wp\/v2\/media\/50804"}],"wp:attachment":[{"href":"https:\/\/shop.nano.ba\/index.php\/wp-json\/wp\/v2\/media?parent=50803"}],"wp:term":[{"taxonomy":"product_brand","embeddable":true,"href":"https:\/\/shop.nano.ba\/index.php\/wp-json\/wp\/v2\/product_brand?post=50803"},{"taxonomy":"product_cat","embeddable":true,"href":"https:\/\/shop.nano.ba\/index.php\/wp-json\/wp\/v2\/product_cat?post=50803"},{"taxonomy":"product_tag","embeddable":true,"href":"https:\/\/shop.nano.ba\/index.php\/wp-json\/wp\/v2\/product_tag?post=50803"}],"curies":[{"name":"wp","href":"https:\/\/api.w.org\/{rel}","templated":true}]}}