{"id":52896,"date":"2023-08-15T08:22:56","date_gmt":"2023-08-15T08:22:56","guid":{"rendered":"https:\/\/shop.nano.ba\/?post_type=product&#038;p=52896"},"modified":"2026-04-08T11:35:27","modified_gmt":"2026-04-08T11:35:27","slug":"teh-masina-za-nabijanje-terena-vibro-ploca-zaba-t90b","status":"publish","type":"product","link":"https:\/\/shop.nano.ba\/index.php\/proizvod\/teh-masina-za-nabijanje-terena-vibro-ploca-zaba-t90b\/","title":{"rendered":"TEH Ma\u0161ina za nabijanje terena &#8211; Vibro Plo\u010da &#8211; \u017daba T90B"},"content":{"rendered":"","protected":false},"excerpt":{"rendered":"","protected":false},"featured_media":0,"template":"","meta":[],"product_brand":[],"product_cat":[337,691],"product_tag":[],"class_list":{"0":"post-52896","1":"product","2":"type-product","3":"status-publish","5":"product_cat-alati","6":"product_cat-ploce","8":"first","9":"instock","10":"shipping-taxable","11":"purchasable","12":"product-type-simple"},"_links":{"self":[{"href":"https:\/\/shop.nano.ba\/index.php\/wp-json\/wp\/v2\/product\/52896","targetHints":{"allow":["GET"]}}],"collection":[{"href":"https:\/\/shop.nano.ba\/index.php\/wp-json\/wp\/v2\/product"}],"about":[{"href":"https:\/\/shop.nano.ba\/index.php\/wp-json\/wp\/v2\/types\/product"}],"version-history":[{"count":1,"href":"https:\/\/shop.nano.ba\/index.php\/wp-json\/wp\/v2\/product\/52896\/revisions"}],"predecessor-version":[{"id":52897,"href":"https:\/\/shop.nano.ba\/index.php\/wp-json\/wp\/v2\/product\/52896\/revisions\/52897"}],"wp:attachment":[{"href":"https:\/\/shop.nano.ba\/index.php\/wp-json\/wp\/v2\/media?parent=52896"}],"wp:term":[{"taxonomy":"product_brand","embeddable":true,"href":"https:\/\/shop.nano.ba\/index.php\/wp-json\/wp\/v2\/product_brand?post=52896"},{"taxonomy":"product_cat","embeddable":true,"href":"https:\/\/shop.nano.ba\/index.php\/wp-json\/wp\/v2\/product_cat?post=52896"},{"taxonomy":"product_tag","embeddable":true,"href":"https:\/\/shop.nano.ba\/index.php\/wp-json\/wp\/v2\/product_tag?post=52896"}],"curies":[{"name":"wp","href":"https:\/\/api.w.org\/{rel}","templated":true}]}}