{"id":63776,"date":"2024-02-10T09:27:20","date_gmt":"2024-02-10T09:27:20","guid":{"rendered":"https:\/\/shop.nano.ba\/?post_type=product&#038;p=63776"},"modified":"2025-12-27T06:34:43","modified_gmt":"2025-12-27T06:34:43","slug":"krevetac-2u1-pampy-140x70cm","status":"publish","type":"product","link":"https:\/\/shop.nano.ba\/index.php\/proizvod\/krevetac-2u1-pampy-140x70cm\/","title":{"rendered":"Krevetac 2u1 Pampy &#8211; 140x70cm"},"content":{"rendered":"<div class=\"xdj266r x11i5rnm xat24cr x1mh8g0r x1vvkbs x126k92a\">\n<div dir=\"auto\">Krevetac Pampy 2u1 <span class=\"x3nfvp2 x1j61x8r x1fcty0u xdj266r xhhsvwb xat24cr xgzva0m xxymvpz xlup9mm x1kky2od\"><img loading=\"lazy\" decoding=\"async\" class=\"xz74otr\" src=\"https:\/\/static.xx.fbcdn.net\/images\/emoji.php\/v9\/t7b\/1.5\/16\/2728.png\" alt=\"\u2728\" width=\"16\" height=\"16\" \/><\/span> 250KM<\/div>\n<div dir=\"auto\">Krevetac koji raste sa Va\u0161im djetetom i mo\u017ee se koristiti do djetetove pete godine. <span class=\"x3nfvp2 x1j61x8r x1fcty0u xdj266r xhhsvwb xat24cr xgzva0m xxymvpz xlup9mm x1kky2od\"><img loading=\"lazy\" decoding=\"async\" class=\"xz74otr\" src=\"https:\/\/static.xx.fbcdn.net\/images\/emoji.php\/v9\/t7c\/1.5\/16\/1f9f8.png\" alt=\"\ud83e\uddf8\" width=\"16\" height=\"16\" \/><\/span><\/div>\n<\/div>\n<div class=\"x11i5rnm xat24cr x1mh8g0r x1vvkbs xtlvy1s x126k92a\">\n<div dir=\"auto\">Dimenzije kreveta 140x70cm. <span class=\"x3nfvp2 x1j61x8r x1fcty0u xdj266r xhhsvwb xat24cr xgzva0m xxymvpz xlup9mm x1kky2od\"><img loading=\"lazy\" decoding=\"async\" class=\"xz74otr\" src=\"https:\/\/static.xx.fbcdn.net\/images\/emoji.php\/v9\/tf2\/1.5\/16\/1f33a.png\" alt=\"\ud83c\udf3a\" width=\"16\" height=\"16\" \/><\/span><\/div>\n<div dir=\"auto\">Dostupan u kombinaciji natur-bijela.<\/div>\n<div dir=\"auto\">U prvoj fazi se koristi kao klasi\u010dni krevetac, a u drugoj fazi kao Sofa Bed sa madracem spu\u0161tenim na ni\u017ei nivo<span class=\"x3nfvp2 x1j61x8r x1fcty0u xdj266r xhhsvwb xat24cr xgzva0m xxymvpz xlup9mm x1kky2od\"><img loading=\"lazy\" decoding=\"async\" class=\"xz74otr\" src=\"https:\/\/static.xx.fbcdn.net\/images\/emoji.php\/v9\/tb8\/1.5\/16\/1f43f.png\" alt=\"\ud83d\udc3f\ufe0f\" width=\"16\" height=\"16\" \/><\/span><\/div>\n<\/div>\n<div class=\"x11i5rnm xat24cr x1mh8g0r x1vvkbs xtlvy1s x126k92a\">\n<div dir=\"auto\">Za krevet je dostupan i madrac sa perivom antialergijskom navlakom na rajfe\u0161lus, po cijeni od 70KM. <span class=\"x3nfvp2 x1j61x8r x1fcty0u xdj266r xhhsvwb xat24cr xgzva0m xxymvpz xlup9mm x1kky2od\"><img loading=\"lazy\" decoding=\"async\" class=\"xz74otr\" src=\"https:\/\/static.xx.fbcdn.net\/images\/emoji.php\/v9\/t7c\/1.5\/16\/1f9f8.png\" alt=\"\ud83e\uddf8\" width=\"16\" height=\"16\" \/><\/span><\/div>\n<\/div>\n<div class=\"x11i5rnm xat24cr x1mh8g0r x1vvkbs xtlvy1s x126k92a\">\n<div dir=\"auto\">Za opremu za krevetac mo\u017eete birati bilo koji set iz na\u0161e ponude i mi \u0107emo ga izraditi u dimenzijama ovog kreveti\u0107a. <span class=\"x3nfvp2 x1j61x8r x1fcty0u xdj266r xhhsvwb xat24cr xgzva0m xxymvpz xlup9mm x1kky2od\"><img loading=\"lazy\" decoding=\"async\" class=\"xz74otr\" src=\"https:\/\/static.xx.fbcdn.net\/images\/emoji.php\/v9\/tba\/1.5\/16\/2705.png\" alt=\"\u2705\" width=\"16\" height=\"16\" \/><\/span><\/div>\n<\/div>\n<div class=\"x11i5rnm xat24cr x1mh8g0r x1vvkbs xtlvy1s x126k92a\">\n<div dir=\"auto\">Set za\u0161titna ogradica sa tri strane, pletenica sa prednje strane, plahta, jastuk za spavanje, jorgan, ukrasni jastuk oblak i vi\u0161enamjenski jastuk valjak\/bombona, u dimenzijama za krevetac 140x70cm, 110KM. <span class=\"x3nfvp2 x1j61x8r x1fcty0u xdj266r xhhsvwb xat24cr xgzva0m xxymvpz xlup9mm x1kky2od\"><img loading=\"lazy\" decoding=\"async\" class=\"xz74otr\" src=\"https:\/\/static.xx.fbcdn.net\/images\/emoji.php\/v9\/tba\/1.5\/16\/2705.png\" alt=\"\u2705\" width=\"16\" height=\"16\" \/><\/span><\/div>\n<div dir=\"auto\">Baldahin 55KM nosa\u010d gratis . <span class=\"x3nfvp2 x1j61x8r x1fcty0u xdj266r xhhsvwb xat24cr xgzva0m xxymvpz xlup9mm x1kky2od\"><img loading=\"lazy\" decoding=\"async\" class=\"xz74otr\" src=\"https:\/\/static.xx.fbcdn.net\/images\/emoji.php\/v9\/tba\/1.5\/16\/2705.png\" alt=\"\u2705\" width=\"16\" height=\"16\" \/><\/span><\/div>\n<\/div>\n<div class=\"x11i5rnm xat24cr x1mh8g0r x1vvkbs xtlvy1s x126k92a\">\n<div dir=\"auto\">Za drugu fazu kreveti\u0107a imamo dostupne i ve\u0107e posteljine kao i jorgane i jastuke za ve\u0107i uzrast, a sve u dezenu po \u017eelji. <span class=\"x3nfvp2 x1j61x8r x1fcty0u xdj266r xhhsvwb xat24cr xgzva0m xxymvpz xlup9mm x1kky2od\"><img loading=\"lazy\" decoding=\"async\" class=\"xz74otr\" src=\"https:\/\/static.xx.fbcdn.net\/images\/emoji.php\/v9\/t7c\/1.5\/16\/1f9f8.png\" alt=\"\ud83e\uddf8\" width=\"16\" height=\"16\" \/><\/span><\/div>\n<div dir=\"auto\">(na slikama su jorgan i jastuk iz seta za prvu fazu)<\/div>\n<div dir=\"auto\">Posjetite na\u0161 maloprodajni objekat na Ceriku u Br\u010dkom, pored magistralnog puta Tuzla-Ora\u0161je, nedaleko od Srebrenika i Grada\u010dca.<\/div>\n<\/div>\n<div class=\"x11i5rnm xat24cr x1mh8g0r x1vvkbs xtlvy1s x126k92a\">\n<div dir=\"auto\">\u0160aljemo brzom po\u0161tom na adresu \u0161irom BiH, pla\u0107anje je prilikom preuzimanja, a paket mo\u017eete pregledati prije placanja. <span class=\"x3nfvp2 x1j61x8r x1fcty0u xdj266r xhhsvwb xat24cr xgzva0m xxymvpz xlup9mm x1kky2od\"><img loading=\"lazy\" decoding=\"async\" class=\"xz74otr\" src=\"https:\/\/static.xx.fbcdn.net\/images\/emoji.php\/v9\/tdd\/1.5\/16\/1f381.png\" alt=\"\ud83c\udf81\" width=\"16\" height=\"16\" \/><\/span><\/div>\n<\/div>\n<div class=\"x11i5rnm xat24cr x1mh8g0r x1vvkbs xtlvy1s x126k92a\">\n<div dir=\"auto\">Za sve informacije nam pi\u0161ite poruku ili pozovite 049\/746-930 <span class=\"x3nfvp2 x1j61x8r x1fcty0u xdj266r xhhsvwb xat24cr xgzva0m xxymvpz xlup9mm x1kky2od\"><img loading=\"lazy\" decoding=\"async\" class=\"xz74otr\" src=\"https:\/\/static.xx.fbcdn.net\/images\/emoji.php\/v9\/ta6\/1.5\/16\/1f4de.png\" alt=\"\ud83d\udcde\" width=\"16\" height=\"16\" \/><\/span><\/div>\n<\/div>\n","protected":false},"excerpt":{"rendered":"<p>Krevetac Pampy 2u1 250KM Krevetac koji raste sa Va\u0161im djetetom i mo\u017ee se koristiti do djetetove pete godine. Dimenzije kreveta<\/p>\n","protected":false},"featured_media":63777,"template":"","meta":[],"product_brand":[],"product_cat":[317,515],"product_tag":[],"class_list":{"0":"post-63776","1":"product","2":"type-product","3":"status-publish","4":"has-post-thumbnail","6":"product_cat-baby-oprema","7":"product_cat-krevetici","9":"first","10":"outofstock","11":"shipping-taxable","12":"purchasable","13":"product-type-simple"},"_links":{"self":[{"href":"https:\/\/shop.nano.ba\/index.php\/wp-json\/wp\/v2\/product\/63776","targetHints":{"allow":["GET"]}}],"collection":[{"href":"https:\/\/shop.nano.ba\/index.php\/wp-json\/wp\/v2\/product"}],"about":[{"href":"https:\/\/shop.nano.ba\/index.php\/wp-json\/wp\/v2\/types\/product"}],"version-history":[{"count":2,"href":"https:\/\/shop.nano.ba\/index.php\/wp-json\/wp\/v2\/product\/63776\/revisions"}],"predecessor-version":[{"id":63782,"href":"https:\/\/shop.nano.ba\/index.php\/wp-json\/wp\/v2\/product\/63776\/revisions\/63782"}],"wp:featuredmedia":[{"embeddable":true,"href":"https:\/\/shop.nano.ba\/index.php\/wp-json\/wp\/v2\/media\/63777"}],"wp:attachment":[{"href":"https:\/\/shop.nano.ba\/index.php\/wp-json\/wp\/v2\/media?parent=63776"}],"wp:term":[{"taxonomy":"product_brand","embeddable":true,"href":"https:\/\/shop.nano.ba\/index.php\/wp-json\/wp\/v2\/product_brand?post=63776"},{"taxonomy":"product_cat","embeddable":true,"href":"https:\/\/shop.nano.ba\/index.php\/wp-json\/wp\/v2\/product_cat?post=63776"},{"taxonomy":"product_tag","embeddable":true,"href":"https:\/\/shop.nano.ba\/index.php\/wp-json\/wp\/v2\/product_tag?post=63776"}],"curies":[{"name":"wp","href":"https:\/\/api.w.org\/{rel}","templated":true}]}}

<div class="xdj266r x11i5rnm xat24cr x1mh8g0r x1vvkbs x126k92a">
<div dir="auto">Krevetac Pampy 2u1 <span class="x3nfvp2 x1j61x8r x1fcty0u xdj266r xhhsvwb xat24cr xgzva0m xxymvpz xlup9mm x1kky2od"><img loading="lazy" decoding="async" class="xz74otr" src="https://static.xx.fbcdn.net/images/emoji.php/v9/t7b/1.5/16/2728.png" alt="✨" width="16" height="16" /></span> 250KM</div>
<div dir="auto">Krevetac koji raste sa Vašim djetetom i može se koristiti do djetetove pete godine. <span class="x3nfvp2 x1j61x8r x1fcty0u xdj266r xhhsvwb xat24cr xgzva0m xxymvpz xlup9mm x1kky2od"><img loading="lazy" decoding="async" class="xz74otr" src="https://static.xx.fbcdn.net/images/emoji.php/v9/t7c/1.5/16/1f9f8.png" alt="🧸" width="16" height="16" /></span></div>
</div>
<div class="x11i5rnm xat24cr x1mh8g0r x1vvkbs xtlvy1s x126k92a">
<div dir="auto">Dimenzije kreveta 140x70cm. <span class="x3nfvp2 x1j61x8r x1fcty0u xdj266r xhhsvwb xat24cr xgzva0m xxymvpz xlup9mm x1kky2od"><img loading="lazy" decoding="async" class="xz74otr" src="https://static.xx.fbcdn.net/images/emoji.php/v9/tf2/1.5/16/1f33a.png" alt="🌺" width="16" height="16" /></span></div>
<div dir="auto">Dostupan u kombinaciji natur-bijela.</div>
<div dir="auto">U prvoj fazi se koristi kao klasični krevetac, a u drugoj fazi kao Sofa Bed sa madracem spuštenim na niži nivo<span class="x3nfvp2 x1j61x8r x1fcty0u xdj266r xhhsvwb xat24cr xgzva0m xxymvpz xlup9mm x1kky2od"><img loading="lazy" decoding="async" class="xz74otr" src="https://static.xx.fbcdn.net/images/emoji.php/v9/tb8/1.5/16/1f43f.png" alt="🐿️" width="16" height="16" /></span></div>
</div>
<div class="x11i5rnm xat24cr x1mh8g0r x1vvkbs xtlvy1s x126k92a">
<div dir="auto">Za krevet je dostupan i madrac sa perivom antialergijskom navlakom na rajfešlus, po cijeni od 70KM. <span class="x3nfvp2 x1j61x8r x1fcty0u xdj266r xhhsvwb xat24cr xgzva0m xxymvpz xlup9mm x1kky2od"><img loading="lazy" decoding="async" class="xz74otr" src="https://static.xx.fbcdn.net/images/emoji.php/v9/t7c/1.5/16/1f9f8.png" alt="🧸" width="16" height="16" /></span></div>
</div>
<div class="x11i5rnm xat24cr x1mh8g0r x1vvkbs xtlvy1s x126k92a">
<div dir="auto">Za opremu za krevetac možete birati bilo koji set iz naše ponude i mi ćemo ga izraditi u dimenzijama ovog krevetića. <span class="x3nfvp2 x1j61x8r x1fcty0u xdj266r xhhsvwb xat24cr xgzva0m xxymvpz xlup9mm x1kky2od"><img loading="lazy" decoding="async" class="xz74otr" src="https://static.xx.fbcdn.net/images/emoji.php/v9/tba/1.5/16/2705.png" alt="✅" width="16" height="16" /></span></div>
</div>
<div class="x11i5rnm xat24cr x1mh8g0r x1vvkbs xtlvy1s x126k92a">
<div dir="auto">Set zaštitna ogradica sa tri strane, pletenica sa prednje strane, plahta, jastuk za spavanje, jorgan, ukrasni jastuk oblak i višenamjenski jastuk valjak/bombona, u dimenzijama za krevetac 140x70cm, 110KM. <span class="x3nfvp2 x1j61x8r x1fcty0u xdj266r xhhsvwb xat24cr xgzva0m xxymvpz xlup9mm x1kky2od"><img loading="lazy" decoding="async" class="xz74otr" src="https://static.xx.fbcdn.net/images/emoji.php/v9/tba/1.5/16/2705.png" alt="✅" width="16" height="16" /></span></div>
<div dir="auto">Baldahin 55KM nosač gratis . <span class="x3nfvp2 x1j61x8r x1fcty0u xdj266r xhhsvwb xat24cr xgzva0m xxymvpz xlup9mm x1kky2od"><img loading="lazy" decoding="async" class="xz74otr" src="https://static.xx.fbcdn.net/images/emoji.php/v9/tba/1.5/16/2705.png" alt="✅" width="16" height="16" /></span></div>
</div>
<div class="x11i5rnm xat24cr x1mh8g0r x1vvkbs xtlvy1s x126k92a">
<div dir="auto">Za drugu fazu krevetića imamo dostupne i veće posteljine kao i jorgane i jastuke za veći uzrast, a sve u dezenu po želji. <span class="x3nfvp2 x1j61x8r x1fcty0u xdj266r xhhsvwb xat24cr xgzva0m xxymvpz xlup9mm x1kky2od"><img loading="lazy" decoding="async" class="xz74otr" src="https://static.xx.fbcdn.net/images/emoji.php/v9/t7c/1.5/16/1f9f8.png" alt="🧸" width="16" height="16" /></span></div>
<div dir="auto">(na slikama su jorgan i jastuk iz seta za prvu fazu)</div>
<div dir="auto">Posjetite naš maloprodajni objekat na Ceriku u Brčkom, pored magistralnog puta Tuzla-Orašje, nedaleko od Srebrenika i Gradačca.</div>
</div>
<div class="x11i5rnm xat24cr x1mh8g0r x1vvkbs xtlvy1s x126k92a">
<div dir="auto">Šaljemo brzom poštom na adresu širom BiH, plaćanje je prilikom preuzimanja, a paket možete pregledati prije placanja. <span class="x3nfvp2 x1j61x8r x1fcty0u xdj266r xhhsvwb xat24cr xgzva0m xxymvpz xlup9mm x1kky2od"><img loading="lazy" decoding="async" class="xz74otr" src="https://static.xx.fbcdn.net/images/emoji.php/v9/tdd/1.5/16/1f381.png" alt="🎁" width="16" height="16" /></span></div>
</div>
<div class="x11i5rnm xat24cr x1mh8g0r x1vvkbs xtlvy1s x126k92a">
<div dir="auto">Za sve informacije nam pišite poruku ili pozovite 049/746-930 <span class="x3nfvp2 x1j61x8r x1fcty0u xdj266r xhhsvwb xat24cr xgzva0m xxymvpz xlup9mm x1kky2od"><img loading="lazy" decoding="async" class="xz74otr" src="https://static.xx.fbcdn.net/images/emoji.php/v9/ta6/1.5/16/1f4de.png" alt="📞" width="16" height="16" /></span></div>
</div>

<p>Krevetac Pampy 2u1 250KM Krevetac koji raste sa Vašim djetetom i može se koristiti do djetetove pete godine. Dimenzije kreveta</p>
