{"id":6796,"date":"2020-05-30T08:25:38","date_gmt":"2020-05-30T08:25:38","guid":{"rendered":"https:\/\/shop.nano.ba\/?post_type=product&#038;p=6796"},"modified":"2023-05-19T13:26:13","modified_gmt":"2023-05-19T13:26:13","slug":"djeciji-jastucic-sa-natpisom-po-zelji","status":"publish","type":"product","link":"https:\/\/shop.nano.ba\/index.php\/proizvod\/djeciji-jastucic-sa-natpisom-po-zelji\/","title":{"rendered":"Dje\u010diji jastuk sa natpisom po \u017eelji"},"content":{"rendered":"<p>Jastuk sa natpisom po \u017eelji kupca. dimenzija 30x30cm.<\/p>\n<p>Prilikom upisivanja podataka za narud\u017ebu, dovoljno je u napomenu upisati ime djeteta ili natpis koji \u017eelite da pi\u0161e na jastuku.<br \/>\nUkoliko \u017eelite jastuk bude u boji, dovoljno je u napomenu upisati i \u017eeljenu boju jastuka, pored imena ili natpisa kojeg \u017eelite.<br \/>\nBoja slova je uvijek crna.<\/p>\n<p>Materijal: 100% organski pamuk ranforce.<br \/>\nOdr\u017eavanje:<\/p>\n<ul>\n<li>Ma\u0161insko pranje na 30\u00b0.<\/li>\n<li>Su\u0161enje na vjetru.<\/li>\n<li>Dozvoljeno peglanje.<\/li>\n<\/ul>\n<p>Promjena pri pranju na 30\u00b0C: po du\u017eini -1,2%, po \u0161irini -0,5% pH vodenog ekstrakta 8,6%<br \/>\nProizvo\u0111a\u010d: Nano DOO, Cerik, Br\u010dko.<\/p>\n","protected":false},"excerpt":{"rendered":"<p>Jastuk sa natpisom po \u017eelji kupca. dimenzija 30x30cm. Prilikom upisivanja podataka za narud\u017ebu, dovoljno je u napomenu upisati ime djeteta<\/p>\n","protected":false},"featured_media":31660,"template":"","meta":[],"product_brand":[],"product_cat":[317,390],"product_tag":[],"class_list":{"0":"post-6796","1":"product","2":"type-product","3":"status-publish","4":"has-post-thumbnail","6":"product_cat-baby-oprema","7":"product_cat-muamer","9":"first","10":"instock","11":"shipping-taxable","12":"purchasable","13":"product-type-variable"},"_links":{"self":[{"href":"https:\/\/shop.nano.ba\/index.php\/wp-json\/wp\/v2\/product\/6796","targetHints":{"allow":["GET"]}}],"collection":[{"href":"https:\/\/shop.nano.ba\/index.php\/wp-json\/wp\/v2\/product"}],"about":[{"href":"https:\/\/shop.nano.ba\/index.php\/wp-json\/wp\/v2\/types\/product"}],"version-history":[{"count":2,"href":"https:\/\/shop.nano.ba\/index.php\/wp-json\/wp\/v2\/product\/6796\/revisions"}],"predecessor-version":[{"id":40262,"href":"https:\/\/shop.nano.ba\/index.php\/wp-json\/wp\/v2\/product\/6796\/revisions\/40262"}],"wp:featuredmedia":[{"embeddable":true,"href":"https:\/\/shop.nano.ba\/index.php\/wp-json\/wp\/v2\/media\/31660"}],"wp:attachment":[{"href":"https:\/\/shop.nano.ba\/index.php\/wp-json\/wp\/v2\/media?parent=6796"}],"wp:term":[{"taxonomy":"product_brand","embeddable":true,"href":"https:\/\/shop.nano.ba\/index.php\/wp-json\/wp\/v2\/product_brand?post=6796"},{"taxonomy":"product_cat","embeddable":true,"href":"https:\/\/shop.nano.ba\/index.php\/wp-json\/wp\/v2\/product_cat?post=6796"},{"taxonomy":"product_tag","embeddable":true,"href":"https:\/\/shop.nano.ba\/index.php\/wp-json\/wp\/v2\/product_tag?post=6796"}],"curies":[{"name":"wp","href":"https:\/\/api.w.org\/{rel}","templated":true}]}}