{"id":77142,"date":"2024-07-27T12:00:22","date_gmt":"2024-07-27T12:00:22","guid":{"rendered":"https:\/\/shop.nano.ba\/?post_type=product&#038;p=77142"},"modified":"2026-04-16T11:21:32","modified_gmt":"2026-04-16T11:21:32","slug":"silikonska-cetka-za-kupanje-bebe-roze","status":"publish","type":"product","link":"https:\/\/shop.nano.ba\/index.php\/proizvod\/silikonska-cetka-za-kupanje-bebe-roze\/","title":{"rendered":"Silikonska \u010detka za kupanje bebe Roze"},"content":{"rendered":"<p>Mekana silikonska \u010detka za nje\u017eno kupanje bebe.<\/p>\n<p>Sigurno za upotrebu &#8211; BPA Free, bez ftalata, pvc-a i olova.<br \/>\nPogodno za kori\u0161tenje od ro\u0111enja.<\/p>\n","protected":false},"excerpt":{"rendered":"<p>Mekana silikonska \u010detka za nje\u017eno kupanje bebe. Sigurno za upotrebu &#8211; BPA Free, bez ftalata, pvc-a i olova. Pogodno za<\/p>\n","protected":false},"featured_media":77145,"template":"","meta":[],"product_brand":[],"product_cat":[317,651],"product_tag":[],"class_list":{"0":"post-77142","1":"product","2":"type-product","3":"status-publish","4":"has-post-thumbnail","6":"product_cat-baby-oprema","7":"product_cat-silikonske-cetke","9":"first","10":"instock","11":"shipping-taxable","12":"purchasable","13":"product-type-simple"},"_links":{"self":[{"href":"https:\/\/shop.nano.ba\/index.php\/wp-json\/wp\/v2\/product\/77142","targetHints":{"allow":["GET"]}}],"collection":[{"href":"https:\/\/shop.nano.ba\/index.php\/wp-json\/wp\/v2\/product"}],"about":[{"href":"https:\/\/shop.nano.ba\/index.php\/wp-json\/wp\/v2\/types\/product"}],"version-history":[{"count":1,"href":"https:\/\/shop.nano.ba\/index.php\/wp-json\/wp\/v2\/product\/77142\/revisions"}],"predecessor-version":[{"id":77147,"href":"https:\/\/shop.nano.ba\/index.php\/wp-json\/wp\/v2\/product\/77142\/revisions\/77147"}],"wp:featuredmedia":[{"embeddable":true,"href":"https:\/\/shop.nano.ba\/index.php\/wp-json\/wp\/v2\/media\/77145"}],"wp:attachment":[{"href":"https:\/\/shop.nano.ba\/index.php\/wp-json\/wp\/v2\/media?parent=77142"}],"wp:term":[{"taxonomy":"product_brand","embeddable":true,"href":"https:\/\/shop.nano.ba\/index.php\/wp-json\/wp\/v2\/product_brand?post=77142"},{"taxonomy":"product_cat","embeddable":true,"href":"https:\/\/shop.nano.ba\/index.php\/wp-json\/wp\/v2\/product_cat?post=77142"},{"taxonomy":"product_tag","embeddable":true,"href":"https:\/\/shop.nano.ba\/index.php\/wp-json\/wp\/v2\/product_tag?post=77142"}],"curies":[{"name":"wp","href":"https:\/\/api.w.org\/{rel}","templated":true}]}}